159.89.197.248 - - [03/Mar/2026:11:33:19 -0500] "GET /gelay.php HTTP/1.1" 404 19886 "-" "Mozilla/5.0 (Linux; Android 10; K) AppleWebKit/537.36 (KHTML, like Gecko) Chrome/114.0.0.0 Mobile Safari/537.36"
159.89.197.248 - - [03/Mar/2026:11:33:19 -0500] "GET /gel4y.php HTTP/1.1" 404 19883 "-" "Mozilla/5.0 (Linux; Android 10; K) AppleWebKit/537.36 (KHTML, like Gecko) Chrome/114.0.0.0 Mobile Safari/537.36"
159.89.197.248 - - [03/Mar/2026:11:33:22 -0500] "GET /id.php HTTP/1.1" 404 19891 "-" "Mozilla/5.0 (Linux; Android 10; K) AppleWebKit/537.36 (KHTML, like Gecko) Chrome/114.0.0.0 Mobile Safari/537.36"
159.89.197.248 - - [03/Mar/2026:11:33:22 -0500] "GET /idx.php HTTP/1.1" 404 19883 "-" "Mozilla/5.0 (Linux; Android 10; K) AppleWebKit/537.36 (KHTML, like Gecko) Chrome/114.0.0.0 Mobile Safari/537.36"
159.89.197.248 - - [03/Mar/2026:11:33:22 -0500] "GET /i.php HTTP/1.1" 404 19885 "-" "Mozilla/5.0 (Linux; Android 10; K) AppleWebKit/537.36 (KHTML, like Gecko) Chrome/114.0.0.0 Mobile Safari/537.36"
159.89.197.248 - - [03/Mar/2026:11:33:22 -0500] "GET /ids.php HTTP/1.1" 404 19885 "-" "Mozilla/5.0 (Linux; Android 10; K) AppleWebKit/537.36 (KHTML, like Gecko) Chrome/114.0.0.0 Mobile Safari/537.36"
159.89.197.248 - - [03/Mar/2026:11:33:22 -0500] "GET /hehe.php HTTP/1.1" 404 19892 "-" "Mozilla/5.0 (Linux; Android 10; K) AppleWebKit/537.36 (KHTML, like Gecko) Chrome/114.0.0.0 Mobile Safari/537.36"
159.89.197.248 - - [03/Mar/2026:11:33:25 -0500] "GET /iq.php HTTP/1.1" 404 19892 "-" "Mozilla/5.0 (Linux; Android 10; K) AppleWebKit/537.36 (KHTML, like Gecko) Chrome/114.0.0.0 Mobile Safari/537.36"
159.89.197.248 - - [03/Mar/2026:11:33:25 -0500] "GET /init.php HTTP/1.1" 404 19892 "-" "Mozilla/5.0 (Linux; Android 10; K) AppleWebKit/537.36 (KHTML, like Gecko) Chrome/114.0.0.0 Mobile Safari/537.36"
159.89.197.248 - - [03/Mar/2026:11:33:25 -0500] "GET /ioxi.php HTTP/1.1" 404 19883 "-" "Mozilla/5.0 (Linux; Android 10; K) AppleWebKit/537.36 (KHTML, like Gecko) Chrome/114.0.0.0 Mobile Safari/537.36"
159.89.197.248 - - [03/Mar/2026:11:33:25 -0500] "GET /indoxploit.php HTTP/1.1" 404 19891 "-" "Mozilla/5.0 (Linux; Android 10; K) AppleWebKit/537.36 (KHTML, like Gecko) Chrome/114.0.0.0 Mobile Safari/537.36"
159.89.197.248 - - [03/Mar/2026:11:33:25 -0500] "GET /iqb.php HTTP/1.1" 404 19885 "-" "Mozilla/5.0 (Linux; Android 10; K) AppleWebKit/537.36 (KHTML, like Gecko) Chrome/114.0.0.0 Mobile Safari/537.36"
162.0.217.45 - - [03/Mar/2026:11:33:28 -0500] "POST /wp-cron.php?doing_wp_cron=1772555608.9147338867187500000000 HTTP/1.1" 200 0 "-" "WordPress/6.9; https://techinfrareviews.com"
159.89.197.248 - - [03/Mar/2026:11:33:28 -0500] "GET /la.php HTTP/1.1" 404 19891 "-" "Mozilla/5.0 (Linux; Android 10; K) AppleWebKit/537.36 (KHTML, like Gecko) Chrome/114.0.0.0 Mobile Safari/537.36"
162.0.217.45 - - [03/Mar/2026:11:33:29 -0500] "POST /wp-cron.php?doing_wp_cron=1772555609.2552449703216552734375 HTTP/1.1" 200 0 "-" "WordPress/6.9; https://techinfrareviews.com"
159.89.197.248 - - [03/Mar/2026:11:33:28 -0500] "GET /k.php HTTP/1.1" 404 19892 "-" "Mozilla/5.0 (Linux; Android 10; K) AppleWebKit/537.36 (KHTML, like Gecko) Chrome/114.0.0.0 Mobile Safari/537.36"
162.0.217.45 - - [03/Mar/2026:11:33:29 -0500] "POST /wp-cron.php?doing_wp_cron=1772555609.6353499889373779296875 HTTP/1.1" 200 0 "-" "WordPress/6.9; https://techinfrareviews.com"
159.89.197.248 - - [03/Mar/2026:11:33:28 -0500] "GET /kk.php HTTP/1.1" 404 19892 "-" "Mozilla/5.0 (Linux; Android 10; K) AppleWebKit/537.36 (KHTML, like Gecko) Chrome/114.0.0.0 Mobile Safari/537.36"
162.0.217.45 - - [03/Mar/2026:11:33:30 -0500] "POST /wp-cron.php?doing_wp_cron=1772555610.1888051033020019531250 HTTP/1.1" 200 0 "-" "WordPress/6.9; https://techinfrareviews.com"
159.89.197.248 - - [03/Mar/2026:11:33:28 -0500] "GET /kepo.php HTTP/1.1" 404 19891 "-" "Mozilla/5.0 (Linux; Android 10; K) AppleWebKit/537.36 (KHTML, like Gecko) Chrome/114.0.0.0 Mobile Safari/537.36"
162.0.217.45 - - [03/Mar/2026:11:33:30 -0500] "POST /wp-cron.php?doing_wp_cron=1772555610.6456310749053955078125 HTTP/1.1" 200 0 "-" "WordPress/6.9; https://techinfrareviews.com"
159.89.197.248 - - [03/Mar/2026:11:33:28 -0500] "GET /kndw1.php HTTP/1.1" 404 19892 "-" "Mozilla/5.0 (Linux; Android 10; K) AppleWebKit/537.36 (KHTML, like Gecko) Chrome/114.0.0.0 Mobile Safari/537.36"
159.89.197.248 - - [03/Mar/2026:11:33:31 -0500] "GET /lol.php HTTP/1.1" 404 19886 "-" "Mozilla/5.0 (Linux; Android 10; K) AppleWebKit/537.36 (KHTML, like Gecko) Chrome/114.0.0.0 Mobile Safari/537.36"
159.89.197.248 - - [03/Mar/2026:11:33:31 -0500] "GET /m.php HTTP/1.1" 404 19892 "-" "Mozilla/5.0 (Linux; Android 10; K) AppleWebKit/537.36 (KHTML, like Gecko) Chrome/114.0.0.0 Mobile Safari/537.36"
159.89.197.248 - - [03/Mar/2026:11:33:31 -0500] "GET /mas.php HTTP/1.1" 404 19886 "-" "Mozilla/5.0 (Linux; Android 10; K) AppleWebKit/537.36 (KHTML, like Gecko) Chrome/114.0.0.0 Mobile Safari/537.36"
159.89.197.248 - - [03/Mar/2026:11:33:31 -0500] "GET /lolzk.php HTTP/1.1" 404 19886 "-" "Mozilla/5.0 (Linux; Android 10; K) AppleWebKit/537.36 (KHTML, like Gecko) Chrome/114.0.0.0 Mobile Safari/537.36"
159.89.197.248 - - [03/Mar/2026:11:33:31 -0500] "GET /lnedx.php HTTP/1.1" 404 19883 "-" "Mozilla/5.0 (Linux; Android 10; K) AppleWebKit/537.36 (KHTML, like Gecko) Chrome/114.0.0.0 Mobile Safari/537.36"
159.89.197.248 - - [03/Mar/2026:11:33:34 -0500] "GET /mclash.php HTTP/1.1" 404 19886 "-" "Mozilla/5.0 (Linux; Android 10; K) AppleWebKit/537.36 (KHTML, like Gecko) Chrome/114.0.0.0 Mobile Safari/537.36"
159.89.197.248 - - [03/Mar/2026:11:33:34 -0500] "GET /min.php HTTP/1.1" 404 19886 "-" "Mozilla/5.0 (Linux; Android 10; K) AppleWebKit/537.36 (KHTML, like Gecko) Chrome/114.0.0.0 Mobile Safari/537.36"
159.89.197.248 - - [03/Mar/2026:11:33:34 -0500] "GET /mass.php HTTP/1.1" 404 19885 "-" "Mozilla/5.0 (Linux; Android 10; K) AppleWebKit/537.36 (KHTML, like Gecko) Chrome/114.0.0.0 Mobile Safari/537.36"
159.89.197.248 - - [03/Mar/2026:11:33:34 -0500] "GET /mi.php HTTP/1.1" 404 19885 "-" "Mozilla/5.0 (Linux; Android 10; K) AppleWebKit/537.36 (KHTML, like Gecko) Chrome/114.0.0.0 Mobile Safari/537.36"
159.89.197.248 - - [03/Mar/2026:11:33:34 -0500] "GET /minik.php HTTP/1.1" 404 19885 "-" "Mozilla/5.0 (Linux; Android 10; K) AppleWebKit/537.36 (KHTML, like Gecko) Chrome/114.0.0.0 Mobile Safari/537.36"
159.89.197.248 - - [03/Mar/2026:11:33:38 -0500] "GET /new-index.php HTTP/1.1" 404 19883 "-" "Mozilla/5.0 (Linux; Android 10; K) AppleWebKit/537.36 (KHTML, like Gecko) Chrome/114.0.0.0 Mobile Safari/537.36"
159.89.197.248 - - [03/Mar/2026:11:33:38 -0500] "GET /ohayo.php HTTP/1.1" 404 19885 "-" "Mozilla/5.0 (Linux; Android 10; K) AppleWebKit/537.36 (KHTML, like Gecko) Chrome/114.0.0.0 Mobile Safari/537.36"
159.89.197.248 - - [03/Mar/2026:11:33:38 -0500] "GET /mrjn.php HTTP/1.1" 404 19886 "-" "Mozilla/5.0 (Linux; Android 10; K) AppleWebKit/537.36 (KHTML, like Gecko) Chrome/114.0.0.0 Mobile Safari/537.36"
159.89.197.248 - - [03/Mar/2026:11:33:38 -0500] "GET /n.php HTTP/1.1" 404 19885 "-" "Mozilla/5.0 (Linux; Android 10; K) AppleWebKit/537.36 (KHTML, like Gecko) Chrome/114.0.0.0 Mobile Safari/537.36"
159.89.197.248 - - [03/Mar/2026:11:33:38 -0500] "GET /minishell.php HTTP/1.1" 404 19885 "-" "Mozilla/5.0 (Linux; Android 10; K) AppleWebKit/537.36 (KHTML, like Gecko) Chrome/114.0.0.0 Mobile Safari/537.36"
159.89.197.248 - - [03/Mar/2026:11:33:41 -0500] "GET /olux.php HTTP/1.1" 404 19885 "-" "Mozilla/5.0 (Linux; Android 10; K) AppleWebKit/537.36 (KHTML, like Gecko) Chrome/114.0.0.0 Mobile Safari/537.36"
159.89.197.248 - - [03/Mar/2026:11:33:41 -0500] "GET /old-index.php?daksldlkdsadas=1 HTTP/1.1" 404 19886 "-" "Mozilla/5.0 (Linux; Android 10; K) AppleWebKit/537.36 (KHTML, like Gecko) Chrome/114.0.0.0 Mobile Safari/537.36"
159.89.197.248 - - [03/Mar/2026:11:33:41 -0500] "GET /postfs.php HTTP/1.1" 404 19886 "-" "Mozilla/5.0 (Linux; Android 10; K) AppleWebKit/537.36 (KHTML, like Gecko) Chrome/114.0.0.0 Mobile Safari/537.36"
159.89.197.248 - - [03/Mar/2026:11:33:41 -0500] "GET /pref.php HTTP/1.1" 404 19892 "-" "Mozilla/5.0 (Linux; Android 10; K) AppleWebKit/537.36 (KHTML, like Gecko) Chrome/114.0.0.0 Mobile Safari/537.36"
159.89.197.248 - - [03/Mar/2026:11:33:41 -0500] "GET /priv.php HTTP/1.1" 404 19891 "-" "Mozilla/5.0 (Linux; Android 10; K) AppleWebKit/537.36 (KHTML, like Gecko) Chrome/114.0.0.0 Mobile Safari/537.36"
159.89.197.248 - - [03/Mar/2026:11:33:44 -0500] "GET /qindex.php HTTP/1.1" 404 19886 "-" "Mozilla/5.0 (Linux; Android 10; K) AppleWebKit/537.36 (KHTML, like Gecko) Chrome/114.0.0.0 Mobile Safari/537.36"
159.89.197.248 - - [03/Mar/2026:11:33:44 -0500] "GET /priv8.php HTTP/1.1" 404 19886 "-" "Mozilla/5.0 (Linux; Android 10; K) AppleWebKit/537.36 (KHTML, like Gecko) Chrome/114.0.0.0 Mobile Safari/537.36"
159.89.197.248 - - [03/Mar/2026:11:33:44 -0500] "GET /rex.php HTTP/1.1" 404 19885 "-" "Mozilla/5.0 (Linux; Android 10; K) AppleWebKit/537.36 (KHTML, like Gecko) Chrome/114.0.0.0 Mobile Safari/537.36"
159.89.197.248 - - [03/Mar/2026:11:33:44 -0500] "GET /r.php HTTP/1.1" 404 19885 "-" "Mozilla/5.0 (Linux; Android 10; K) AppleWebKit/537.36 (KHTML, like Gecko) Chrome/114.0.0.0 Mobile Safari/537.36"
159.89.197.248 - - [03/Mar/2026:11:33:44 -0500] "GET /r57.php HTTP/1.1" 404 19883 "-" "Mozilla/5.0 (Linux; Android 10; K) AppleWebKit/537.36 (KHTML, like Gecko) Chrome/114.0.0.0 Mobile Safari/537.36"
159.89.197.248 - - [03/Mar/2026:11:33:47 -0500] "GET /shells.php HTTP/1.1" 404 19889 "-" "Mozilla/5.0 (Linux; Android 10; K) AppleWebKit/537.36 (KHTML, like Gecko) Chrome/114.0.0.0 Mobile Safari/537.36"
159.89.197.248 - - [03/Mar/2026:11:33:47 -0500] "GET /shell20211028.php HTTP/1.1" 404 19883 "-" "Mozilla/5.0 (Linux; Android 10; K) AppleWebKit/537.36 (KHTML, like Gecko) Chrome/114.0.0.0 Mobile Safari/537.36"
159.89.197.248 - - [03/Mar/2026:11:33:47 -0500] "GET /sql.php HTTP/1.1" 404 19886 "-" "Mozilla/5.0 (Linux; Android 10; K) AppleWebKit/537.36 (KHTML, like Gecko) Chrome/114.0.0.0 Mobile Safari/537.36"
159.89.197.248 - - [03/Mar/2026:11:33:47 -0500] "GET /root.php HTTP/1.1" 404 19883 "-" "Mozilla/5.0 (Linux; Android 10; K) AppleWebKit/537.36 (KHTML, like Gecko) Chrome/114.0.0.0 Mobile Safari/537.36"
159.89.197.248 - - [03/Mar/2026:11:33:47 -0500] "GET /s.php HTTP/1.1" 404 19885 "-" "Mozilla/5.0 (Linux; Android 10; K) AppleWebKit/537.36 (KHTML, like Gecko) Chrome/114.0.0.0 Mobile Safari/537.36"
159.89.197.248 - - [03/Mar/2026:11:33:50 -0500] "GET /t.php HTTP/1.1" 404 19883 "-" "Mozilla/5.0 (Linux; Android 10; K) AppleWebKit/537.36 (KHTML, like Gecko) Chrome/114.0.0.0 Mobile Safari/537.36"
159.89.197.248 - - [03/Mar/2026:11:33:50 -0500] "GET /sym.php HTTP/1.1" 404 19891 "-" "Mozilla/5.0 (Linux; Android 10; K) AppleWebKit/537.36 (KHTML, like Gecko) Chrome/114.0.0.0 Mobile Safari/537.36"
159.89.197.248 - - [03/Mar/2026:11:33:50 -0500] "GET /tes.php HTTP/1.1" 404 19892 "-" "Mozilla/5.0 (Linux; Android 10; K) AppleWebKit/537.36 (KHTML, like Gecko) Chrome/114.0.0.0 Mobile Safari/537.36"
159.89.197.248 - - [03/Mar/2026:11:33:50 -0500] "GET /sym403.php HTTP/1.1" 404 19883 "-" "Mozilla/5.0 (Linux; Android 10; K) AppleWebKit/537.36 (KHTML, like Gecko) Chrome/114.0.0.0 Mobile Safari/537.36"
159.89.197.248 - - [03/Mar/2026:11:33:50 -0500] "GET /srx.php HTTP/1.1" 404 19885 "-" "Mozilla/5.0 (Linux; Android 10; K) AppleWebKit/537.36 (KHTML, like Gecko) Chrome/114.0.0.0 Mobile Safari/537.36"
159.89.197.248 - - [03/Mar/2026:11:33:53 -0500] "GET /teslav.php HTTP/1.1" 404 19886 "-" "Mozilla/5.0 (Linux; Android 10; K) AppleWebKit/537.36 (KHTML, like Gecko) Chrome/114.0.0.0 Mobile Safari/537.36"
159.89.197.248 - - [03/Mar/2026:11:33:53 -0500] "GET /tesla.php HTTP/1.1" 404 19886 "-" "Mozilla/5.0 (Linux; Android 10; K) AppleWebKit/537.36 (KHTML, like Gecko) Chrome/114.0.0.0 Mobile Safari/537.36"
159.89.197.248 - - [03/Mar/2026:11:33:53 -0500] "GET /twin.php HTTP/1.1" 404 19889 "-" "Mozilla/5.0 (Linux; Android 10; K) AppleWebKit/537.36 (KHTML, like Gecko) Chrome/114.0.0.0 Mobile Safari/537.36"
159.89.197.248 - - [03/Mar/2026:11:33:53 -0500] "GET /tshop.php HTTP/1.1" 404 19885 "-" "Mozilla/5.0 (Linux; Android 10; K) AppleWebKit/537.36 (KHTML, like Gecko) Chrome/114.0.0.0 Mobile Safari/537.36"
159.89.197.248 - - [03/Mar/2026:11:33:53 -0500] "GET /test.php HTTP/1.1" 404 19885 "-" "Mozilla/5.0 (Linux; Android 10; K) AppleWebKit/537.36 (KHTML, like Gecko) Chrome/114.0.0.0 Mobile Safari/537.36"
159.89.197.248 - - [03/Mar/2026:11:33:56 -0500] "GET /u.php HTTP/1.1" 404 19883 "-" "Mozilla/5.0 (Linux; Android 10; K) AppleWebKit/537.36 (KHTML, like Gecko) Chrome/114.0.0.0 Mobile Safari/537.36"
159.89.197.248 - - [03/Mar/2026:11:33:56 -0500] "GET /utchiha.phP HTTP/1.1" 404 19885 "-" "Mozilla/5.0 (Linux; Android 10; K) AppleWebKit/537.36 (KHTML, like Gecko) Chrome/114.0.0.0 Mobile Safari/537.36"
159.89.197.248 - - [03/Mar/2026:11:33:56 -0500] "GET /v3.php HTTP/1.1" 404 19889 "-" "Mozilla/5.0 (Linux; Android 10; K) AppleWebKit/537.36 (KHTML, like Gecko) Chrome/114.0.0.0 Mobile Safari/537.36"
159.89.197.248 - - [03/Mar/2026:11:33:56 -0500] "GET /usb.php HTTP/1.1" 404 19892 "-" "Mozilla/5.0 (Linux; Android 10; K) AppleWebKit/537.36 (KHTML, like Gecko) Chrome/114.0.0.0 Mobile Safari/537.36"
159.89.197.248 - - [03/Mar/2026:11:33:56 -0500] "GET /usr.php HTTP/1.1" 404 19885 "-" "Mozilla/5.0 (Linux; Android 10; K) AppleWebKit/537.36 (KHTML, like Gecko) Chrome/114.0.0.0 Mobile Safari/537.36"
159.89.197.248 - - [03/Mar/2026:11:33:59 -0500] "GET /wp-content/themes/twentytwentytwo/index.php HTTP/1.1" 200 0 "-" "Mozilla/5.0 (Linux; Android 10; K) AppleWebKit/537.36 (KHTML, like Gecko) Chrome/114.0.0.0 Mobile Safari/537.36"
159.89.197.248 - - [03/Mar/2026:11:33:59 -0500] "GET /v4.php HTTP/1.1" 404 19883 "-" "Mozilla/5.0 (Linux; Android 10; K) AppleWebKit/537.36 (KHTML, like Gecko) Chrome/114.0.0.0 Mobile Safari/537.36"
159.89.197.248 - - [03/Mar/2026:11:33:59 -0500] "GET /vuln.php HTTP/1.1" 404 19886 "-" "Mozilla/5.0 (Linux; Android 10; K) AppleWebKit/537.36 (KHTML, like Gecko) Chrome/114.0.0.0 Mobile Safari/537.36"
159.89.197.248 - - [03/Mar/2026:11:33:59 -0500] "GET /w3llstore.php HTTP/1.1" 404 19892 "-" "Mozilla/5.0 (Linux; Android 10; K) AppleWebKit/537.36 (KHTML, like Gecko) Chrome/114.0.0.0 Mobile Safari/537.36"
159.89.197.248 - - [03/Mar/2026:11:33:59 -0500] "GET /wp-content/mu-plugins-old/index.php HTTP/1.1" 301 0 "-" "Mozilla/5.0 (Linux; Android 10; K) AppleWebKit/537.36 (KHTML, like Gecko) Chrome/114.0.0.0 Mobile Safari/537.36"
159.89.197.248 - - [03/Mar/2026:11:34:00 -0500] "GET /wp-content/mu-plugins-old/ HTTP/1.1" 404 19889 "-" "Mozilla/5.0 (Linux; Android 10; K) AppleWebKit/537.36 (KHTML, like Gecko) Chrome/114.0.0.0 Mobile Safari/537.36"
159.89.197.248 - - [03/Mar/2026:11:34:02 -0500] "GET /wp-includes/fonts/dev.php HTTP/1.1" 404 19889 "-" "Mozilla/5.0 (Linux; Android 10; K) AppleWebKit/537.36 (KHTML, like Gecko) Chrome/114.0.0.0 Mobile Safari/537.36"
159.89.197.248 - - [03/Mar/2026:11:34:02 -0500] "GET /wp-defaul.php HTTP/1.1" 404 19886 "-" "Mozilla/5.0 (Linux; Android 10; K) AppleWebKit/537.36 (KHTML, like Gecko) Chrome/114.0.0.0 Mobile Safari/537.36"
159.89.197.248 - - [03/Mar/2026:11:34:02 -0500] "GET /wp-mails.php HTTP/1.1" 404 19886 "-" "Mozilla/5.0 (Linux; Android 10; K) AppleWebKit/537.36 (KHTML, like Gecko) Chrome/114.0.0.0 Mobile Safari/537.36"
159.89.197.248 - - [03/Mar/2026:11:34:02 -0500] "GET /wp-includes/fonts/iqb.php HTTP/1.1" 404 19890 "-" "Mozilla/5.0 (Linux; Android 10; K) AppleWebKit/537.36 (KHTML, like Gecko) Chrome/114.0.0.0 Mobile Safari/537.36"
159.89.197.248 - - [03/Mar/2026:11:34:02 -0500] "GET /wp-includes/fonts/iq.php HTTP/1.1" 404 19883 "-" "Mozilla/5.0 (Linux; Android 10; K) AppleWebKit/537.36 (KHTML, like Gecko) Chrome/114.0.0.0 Mobile Safari/537.36"
159.89.197.248 - - [03/Mar/2026:11:34:05 -0500] "GET /wp-singupp.php HTTP/1.1" 404 19889 "-" "Mozilla/5.0 (Linux; Android 10; K) AppleWebKit/537.36 (KHTML, like Gecko) Chrome/114.0.0.0 Mobile Safari/537.36"
159.89.197.248 - - [03/Mar/2026:11:34:05 -0500] "GET /wp-plugins.php HTTP/1.1" 404 19885 "-" "Mozilla/5.0 (Linux; Android 10; K) AppleWebKit/537.36 (KHTML, like Gecko) Chrome/114.0.0.0 Mobile Safari/537.36"
159.89.197.248 - - [03/Mar/2026:11:34:05 -0500] "GET /wp-pluging.php HTTP/1.1" 404 19885 "-" "Mozilla/5.0 (Linux; Android 10; K) AppleWebKit/537.36 (KHTML, like Gecko) Chrome/114.0.0.0 Mobile Safari/537.36"
159.89.197.248 - - [03/Mar/2026:11:34:05 -0500] "GET /wp-one.php HTTP/1.1" 404 19885 "-" "Mozilla/5.0 (Linux; Android 10; K) AppleWebKit/537.36 (KHTML, like Gecko) Chrome/114.0.0.0 Mobile Safari/537.36"
159.89.197.248 - - [03/Mar/2026:11:34:05 -0500] "GET /wp-rss.php HTTP/1.1" 301 0 "-" "Mozilla/5.0 (Linux; Android 10; K) AppleWebKit/537.36 (KHTML, like Gecko) Chrome/114.0.0.0 Mobile Safari/537.36"
159.89.197.248 - - [03/Mar/2026:11:34:08 -0500] "GET /feed/ HTTP/1.1" 200 19731 "-" "Mozilla/5.0 (Linux; Android 10; K) AppleWebKit/537.36 (KHTML, like Gecko) Chrome/114.0.0.0 Mobile Safari/537.36"
159.89.197.248 - - [03/Mar/2026:11:34:10 -0500] "GET /wp/wp-includes/fonts/iqb.php HTTP/1.1" 404 19890 "-" "Mozilla/5.0 (Linux; Android 10; K) AppleWebKit/537.36 (KHTML, like Gecko) Chrome/114.0.0.0 Mobile Safari/537.36"
159.89.197.248 - - [03/Mar/2026:11:34:10 -0500] "GET /wp-system.php HTTP/1.1" 404 19892 "-" "Mozilla/5.0 (Linux; Android 10; K) AppleWebKit/537.36 (KHTML, like Gecko) Chrome/114.0.0.0 Mobile Safari/537.36"
159.89.197.248 - - [03/Mar/2026:11:34:10 -0500] "GET /wp-we.php HTTP/1.1" 404 19891 "-" "Mozilla/5.0 (Linux; Android 10; K) AppleWebKit/537.36 (KHTML, like Gecko) Chrome/114.0.0.0 Mobile Safari/537.36"
159.89.197.248 - - [03/Mar/2026:11:34:10 -0500] "GET /wp/wp-includes/fonts/dev.php HTTP/1.1" 404 19883 "-" "Mozilla/5.0 (Linux; Android 10; K) AppleWebKit/537.36 (KHTML, like Gecko) Chrome/114.0.0.0 Mobile Safari/537.36"
159.89.197.248 - - [03/Mar/2026:11:34:10 -0500] "GET /wp-title.php HTTP/1.1" 404 19883 "-" "Mozilla/5.0 (Linux; Android 10; K) AppleWebKit/537.36 (KHTML, like Gecko) Chrome/114.0.0.0 Mobile Safari/537.36"
159.89.197.248 - - [03/Mar/2026:11:34:13 -0500] "GET /wso1.php HTTP/1.1" 404 19889 "-" "Mozilla/5.0 (Linux; Android 10; K) AppleWebKit/537.36 (KHTML, like Gecko) Chrome/114.0.0.0 Mobile Safari/537.36"
159.89.197.248 - - [03/Mar/2026:11:34:13 -0500] "GET /wsanon.php HTTP/1.1" 404 19891 "-" "Mozilla/5.0 (Linux; Android 10; K) AppleWebKit/537.36 (KHTML, like Gecko) Chrome/114.0.0.0 Mobile Safari/537.36"
159.89.197.248 - - [03/Mar/2026:11:34:13 -0500] "GET /wpindex.php HTTP/1.1" 404 19883 "-" "Mozilla/5.0 (Linux; Android 10; K) AppleWebKit/537.36 (KHTML, like Gecko) Chrome/114.0.0.0 Mobile Safari/537.36"
159.89.197.248 - - [03/Mar/2026:11:34:13 -0500] "GET /wso.php HTTP/1.1" 404 19883 "-" "Mozilla/5.0 (Linux; Android 10; K) AppleWebKit/537.36 (KHTML, like Gecko) Chrome/114.0.0.0 Mobile Safari/537.36"
159.89.197.248 - - [03/Mar/2026:11:34:13 -0500] "GET /WSO.php HTTP/1.1" 404 19885 "-" "Mozilla/5.0 (Linux; Android 10; K) AppleWebKit/537.36 (KHTML, like Gecko) Chrome/114.0.0.0 Mobile Safari/537.36"
159.89.197.248 - - [03/Mar/2026:11:34:16 -0500] "GET /wso1337.php HTTP/1.1" 404 19892 "-" "Mozilla/5.0 (Linux; Android 10; K) AppleWebKit/537.36 (KHTML, like Gecko) Chrome/114.0.0.0 Mobile Safari/537.36"
159.89.197.248 - - [03/Mar/2026:11:34:16 -0500] "GET /wso2.php HTTP/1.1" 404 19886 "-" "Mozilla/5.0 (Linux; Android 10; K) AppleWebKit/537.36 (KHTML, like Gecko) Chrome/114.0.0.0 Mobile Safari/537.36"
159.89.197.248 - - [03/Mar/2026:11:34:16 -0500] "GET /xcv.php HTTP/1.1" 404 19889 "-" "Mozilla/5.0 (Linux; Android 10; K) AppleWebKit/537.36 (KHTML, like Gecko) Chrome/114.0.0.0 Mobile Safari/537.36"
159.89.197.248 - - [03/Mar/2026:11:34:16 -0500] "GET /xindex.php HTTP/1.1" 404 19892 "-" "Mozilla/5.0 (Linux; Android 10; K) AppleWebKit/537.36 (KHTML, like Gecko) Chrome/114.0.0.0 Mobile Safari/537.36"
159.89.197.248 - - [03/Mar/2026:11:34:16 -0500] "GET /xidcm.php HTTP/1.1" 404 19892 "-" "Mozilla/5.0 (Linux; Android 10; K) AppleWebKit/537.36 (KHTML, like Gecko) Chrome/114.0.0.0 Mobile Safari/537.36"
159.89.197.248 - - [03/Mar/2026:11:34:19 -0500] "GET /xx.php HTTP/1.1" 404 19892 "-" "Mozilla/5.0 (Linux; Android 10; K) AppleWebKit/537.36 (KHTML, like Gecko) Chrome/114.0.0.0 Mobile Safari/537.36"
159.89.197.248 - - [03/Mar/2026:11:34:19 -0500] "GET /xm.php HTTP/1.1" 404 19885 "-" "Mozilla/5.0 (Linux; Android 10; K) AppleWebKit/537.36 (KHTML, like Gecko) Chrome/114.0.0.0 Mobile Safari/537.36"
159.89.197.248 - - [03/Mar/2026:11:34:19 -0500] "GET /XxX.php HTTP/1.1" 404 19885 "-" "Mozilla/5.0 (Linux; Android 10; K) AppleWebKit/537.36 (KHTML, like Gecko) Chrome/114.0.0.0 Mobile Safari/537.36"
159.89.197.248 - - [03/Mar/2026:11:34:19 -0500] "GET /y.php HTTP/1.1" 404 19892 "-" "Mozilla/5.0 (Linux; Android 10; K) AppleWebKit/537.36 (KHTML, like Gecko) Chrome/114.0.0.0 Mobile Safari/537.36"
159.89.197.248 - - [03/Mar/2026:11:34:19 -0500] "GET /xxx.php HTTP/1.1" 404 19883 "-" "Mozilla/5.0 (Linux; Android 10; K) AppleWebKit/537.36 (KHTML, like Gecko) Chrome/114.0.0.0 Mobile Safari/537.36"
159.89.197.248 - - [03/Mar/2026:11:34:22 -0500] "GET /z.php HTTP/1.1" 404 19889 "-" "Mozilla/5.0 (Linux; Android 10; K) AppleWebKit/537.36 (KHTML, like Gecko) Chrome/114.0.0.0 Mobile Safari/537.36"
159.89.197.248 - - [03/Mar/2026:11:34:22 -0500] "GET /symlink.php HTTP/1.1" 404 19883 "-" "Mozilla/5.0 (Linux; Android 10; K) AppleWebKit/537.36 (KHTML, like Gecko) Chrome/114.0.0.0 Mobile Safari/537.36"
159.89.197.248 - - [03/Mar/2026:11:34:22 -0500] "GET /zx.php HTTP/1.1" 404 19885 "-" "Mozilla/5.0 (Linux; Android 10; K) AppleWebKit/537.36 (KHTML, like Gecko) Chrome/114.0.0.0 Mobile Safari/537.36"
159.89.197.248 - - [03/Mar/2026:11:34:22 -0500] "GET /zone.php?phpshell HTTP/1.1" 404 19883 "-" "Mozilla/5.0 (Linux; Android 10; K) AppleWebKit/537.36 (KHTML, like Gecko) Chrome/114.0.0.0 Mobile Safari/537.36"
159.89.197.248 - - [03/Mar/2026:11:34:22 -0500] "GET /zk.php HTTP/1.1" 404 19883 "-" "Mozilla/5.0 (Linux; Android 10; K) AppleWebKit/537.36 (KHTML, like Gecko) Chrome/114.0.0.0 Mobile Safari/537.36"
159.89.197.248 - - [03/Mar/2026:11:34:25 -0500] "GET /2.php HTTP/1.1" 404 19892 "-" "Mozilla/5.0 (Linux; Android 10; K) AppleWebKit/537.36 (KHTML, like Gecko) Chrome/114.0.0.0 Mobile Safari/537.36"
159.89.197.248 - - [03/Mar/2026:11:34:25 -0500] "GET /c99.php HTTP/1.1" 404 19885 "-" "Mozilla/5.0 (Linux; Android 10; K) AppleWebKit/537.36 (KHTML, like Gecko) Chrome/114.0.0.0 Mobile Safari/537.36"
159.89.197.248 - - [03/Mar/2026:11:34:25 -0500] "GET /ok.php HTTP/1.1" 404 19891 "-" "Mozilla/5.0 (Linux; Android 10; K) AppleWebKit/537.36 (KHTML, like Gecko) Chrome/114.0.0.0 Mobile Safari/537.36"
159.89.197.248 - - [03/Mar/2026:11:34:25 -0500] "GET /3.php HTTP/1.1" 404 19883 "-" "Mozilla/5.0 (Linux; Android 10; K) AppleWebKit/537.36 (KHTML, like Gecko) Chrome/114.0.0.0 Mobile Safari/537.36"
159.89.197.248 - - [03/Mar/2026:11:34:25 -0500] "GET /4.php HTTP/1.1" 404 19892 "-" "Mozilla/5.0 (Linux; Android 10; K) AppleWebKit/537.36 (KHTML, like Gecko) Chrome/114.0.0.0 Mobile Safari/537.36"
159.89.197.248 - - [03/Mar/2026:11:34:28 -0500] "GET /7.php HTTP/1.1" 404 19883 "-" "Mozilla/5.0 (Linux; Android 10; K) AppleWebKit/537.36 (KHTML, like Gecko) Chrome/114.0.0.0 Mobile Safari/537.36"
159.89.197.248 - - [03/Mar/2026:11:34:28 -0500] "GET /10.php HTTP/1.1" 404 19892 "-" "Mozilla/5.0 (Linux; Android 10; K) AppleWebKit/537.36 (KHTML, like Gecko) Chrome/114.0.0.0 Mobile Safari/537.36"
159.89.197.248 - - [03/Mar/2026:11:34:28 -0500] "GET /9.php HTTP/1.1" 404 19885 "-" "Mozilla/5.0 (Linux; Android 10; K) AppleWebKit/537.36 (KHTML, like Gecko) Chrome/114.0.0.0 Mobile Safari/537.36"
159.89.197.248 - - [03/Mar/2026:11:34:28 -0500] "GET /8.php HTTP/1.1" 404 19892 "-" "Mozilla/5.0 (Linux; Android 10; K) AppleWebKit/537.36 (KHTML, like Gecko) Chrome/114.0.0.0 Mobile Safari/537.36"
159.89.197.248 - - [03/Mar/2026:11:34:28 -0500] "GET /6.php HTTP/1.1" 404 19885 "-" "Mozilla/5.0 (Linux; Android 10; K) AppleWebKit/537.36 (KHTML, like Gecko) Chrome/114.0.0.0 Mobile Safari/537.36"
162.0.217.45 - - [03/Mar/2026:11:34:31 -0500] "POST /wp-cron.php?doing_wp_cron=1772555671.5623769760131835937500 HTTP/1.1" 200 0 "-" "WordPress/6.9; https://techinfrareviews.com"
159.89.197.248 - - [03/Mar/2026:11:34:30 -0500] "GET /g.php HTTP/1.1" 404 19892 "-" "Mozilla/5.0 (Linux; Android 10; K) AppleWebKit/537.36 (KHTML, like Gecko) Chrome/114.0.0.0 Mobile Safari/537.36"
162.0.217.45 - - [03/Mar/2026:11:34:31 -0500] "POST /wp-cron.php?doing_wp_cron=1772555671.8814239501953125000000 HTTP/1.1" 200 0 "-" "WordPress/6.9; https://techinfrareviews.com"
159.89.197.248 - - [03/Mar/2026:11:34:30 -0500] "GET /p.php HTTP/1.1" 404 19892 "-" "Mozilla/5.0 (Linux; Android 10; K) AppleWebKit/537.36 (KHTML, like Gecko) Chrome/114.0.0.0 Mobile Safari/537.36"
162.0.217.45 - - [03/Mar/2026:11:34:32 -0500] "POST /wp-cron.php?doing_wp_cron=1772555672.2560789585113525390625 HTTP/1.1" 200 0 "-" "WordPress/6.9; https://techinfrareviews.com"
159.89.197.248 - - [03/Mar/2026:11:34:30 -0500] "GET /d.php HTTP/1.1" 404 19892 "-" "Mozilla/5.0 (Linux; Android 10; K) AppleWebKit/537.36 (KHTML, like Gecko) Chrome/114.0.0.0 Mobile Safari/537.36"
162.0.217.45 - - [03/Mar/2026:11:34:32 -0500] "POST /wp-cron.php?doing_wp_cron=1772555672.7290840148925781250000 HTTP/1.1" 200 0 "-" "WordPress/6.9; https://techinfrareviews.com"
159.89.197.248 - - [03/Mar/2026:11:34:30 -0500] "GET /q.php HTTP/1.1" 404 19889 "-" "Mozilla/5.0 (Linux; Android 10; K) AppleWebKit/537.36 (KHTML, like Gecko) Chrome/114.0.0.0 Mobile Safari/537.36"
162.0.217.45 - - [03/Mar/2026:11:34:33 -0500] "POST /wp-cron.php?doing_wp_cron=1772555673.1547050476074218750000 HTTP/1.1" 200 0 "-" "WordPress/6.9; https://techinfrareviews.com"
159.89.197.248 - - [03/Mar/2026:11:34:30 -0500] "GET /f.php HTTP/1.1" 404 19893 "-" "Mozilla/5.0 (Linux; Android 10; K) AppleWebKit/537.36 (KHTML, like Gecko) Chrome/114.0.0.0 Mobile Safari/537.36"
159.89.197.248 - - [03/Mar/2026:11:34:33 -0500] "GET /h.php HTTP/1.1" 404 19885 "-" "Mozilla/5.0 (Linux; Android 10; K) AppleWebKit/537.36 (KHTML, like Gecko) Chrome/114.0.0.0 Mobile Safari/537.36"
159.89.197.248 - - [03/Mar/2026:11:34:33 -0500] "GET /wp-wso.php HTTP/1.1" 404 19885 "-" "Mozilla/5.0 (Linux; Android 10; K) AppleWebKit/537.36 (KHTML, like Gecko) Chrome/114.0.0.0 Mobile Safari/537.36"
159.89.197.248 - - [03/Mar/2026:11:34:33 -0500] "GET /j.php HTTP/1.1" 404 19889 "-" "Mozilla/5.0 (Linux; Android 10; K) AppleWebKit/537.36 (KHTML, like Gecko) Chrome/114.0.0.0 Mobile Safari/537.36"
159.89.197.248 - - [03/Mar/2026:11:34:33 -0500] "GET /V3.php HTTP/1.1" 404 19889 "-" "Mozilla/5.0 (Linux; Android 10; K) AppleWebKit/537.36 (KHTML, like Gecko) Chrome/114.0.0.0 Mobile Safari/537.36"
159.89.197.248 - - [03/Mar/2026:11:34:33 -0500] "GET /minimo.php HTTP/1.1" 404 19892 "-" "Mozilla/5.0 (Linux; Android 10; K) AppleWebKit/537.36 (KHTML, like Gecko) Chrome/114.0.0.0 Mobile Safari/537.36"
159.89.197.248 - - [03/Mar/2026:11:34:36 -0500] "GET /777.php HTTP/1.1" 404 19892 "-" "Mozilla/5.0 (Linux; Android 10; K) AppleWebKit/537.36 (KHTML, like Gecko) Chrome/114.0.0.0 Mobile Safari/537.36"
159.89.197.248 - - [03/Mar/2026:11:34:36 -0500] "GET /www.php HTTP/1.1" 404 19891 "-" "Mozilla/5.0 (Linux; Android 10; K) AppleWebKit/537.36 (KHTML, like Gecko) Chrome/114.0.0.0 Mobile Safari/537.36"
159.89.197.248 - - [03/Mar/2026:11:34:36 -0500] "GET /xox.php HTTP/1.1" 404 19893 "-" "Mozilla/5.0 (Linux; Android 10; K) AppleWebKit/537.36 (KHTML, like Gecko) Chrome/114.0.0.0 Mobile Safari/537.36"
159.89.197.248 - - [03/Mar/2026:11:34:36 -0500] "GET /100.php HTTP/1.1" 404 19883 "-" "Mozilla/5.0 (Linux; Android 10; K) AppleWebKit/537.36 (KHTML, like Gecko) Chrome/114.0.0.0 Mobile Safari/537.36"
159.89.197.248 - - [03/Mar/2026:11:34:36 -0500] "GET /V5.php HTTP/1.1" 404 19892 "-" "Mozilla/5.0 (Linux; Android 10; K) AppleWebKit/537.36 (KHTML, like Gecko) Chrome/114.0.0.0 Mobile Safari/537.36"
159.89.197.248 - - [03/Mar/2026:11:34:39 -0500] "GET /nee.php HTTP/1.1" 404 19892 "-" "Mozilla/5.0 (Linux; Android 10; K) AppleWebKit/537.36 (KHTML, like Gecko) Chrome/114.0.0.0 Mobile Safari/537.36"
159.89.197.248 - - [03/Mar/2026:11:34:39 -0500] "GET /haxor.php HTTP/1.1" 404 19883 "-" "Mozilla/5.0 (Linux; Android 10; K) AppleWebKit/537.36 (KHTML, like Gecko) Chrome/114.0.0.0 Mobile Safari/537.36"
159.89.197.248 - - [03/Mar/2026:11:34:39 -0500] "GET /87.php HTTP/1.1" 404 19885 "-" "Mozilla/5.0 (Linux; Android 10; K) AppleWebKit/537.36 (KHTML, like Gecko) Chrome/114.0.0.0 Mobile Safari/537.36"
159.89.197.248 - - [03/Mar/2026:11:34:39 -0500] "GET /wi.php HTTP/1.1" 404 19892 "-" "Mozilla/5.0 (Linux; Android 10; K) AppleWebKit/537.36 (KHTML, like Gecko) Chrome/114.0.0.0 Mobile Safari/537.36"
159.89.197.248 - - [03/Mar/2026:11:34:39 -0500] "GET /FoxWSOv1.php HTTP/1.1" 404 19886 "-" "Mozilla/5.0 (Linux; Android 10; K) AppleWebKit/537.36 (KHTML, like Gecko) Chrome/114.0.0.0 Mobile Safari/537.36"
159.89.197.248 - - [03/Mar/2026:11:34:42 -0500] "GET /lf.php HTTP/1.1" 404 19889 "-" "Mozilla/5.0 (Linux; Android 10; K) AppleWebKit/537.36 (KHTML, like Gecko) Chrome/114.0.0.0 Mobile Safari/537.36"
159.89.197.248 - - [03/Mar/2026:11:34:42 -0500] "GET /bb.php HTTP/1.1" 404 19893 "-" "Mozilla/5.0 (Linux; Android 10; K) AppleWebKit/537.36 (KHTML, like Gecko) Chrome/114.0.0.0 Mobile Safari/537.36"
159.89.197.248 - - [03/Mar/2026:11:34:42 -0500] "GET /kn.php HTTP/1.1" 404 19885 "-" "Mozilla/5.0 (Linux; Android 10; K) AppleWebKit/537.36 (KHTML, like Gecko) Chrome/114.0.0.0 Mobile Safari/537.36"
159.89.197.248 - - [03/Mar/2026:11:34:42 -0500] "GET /hello.php HTTP/1.1" 404 19886 "-" "Mozilla/5.0 (Linux; Android 10; K) AppleWebKit/537.36 (KHTML, like Gecko) Chrome/114.0.0.0 Mobile Safari/537.36"
159.89.197.248 - - [03/Mar/2026:11:34:42 -0500] "GET /if.php HTTP/1.1" 404 19891 "-" "Mozilla/5.0 (Linux; Android 10; K) AppleWebKit/537.36 (KHTML, like Gecko) Chrome/114.0.0.0 Mobile Safari/537.36"
159.89.197.248 - - [03/Mar/2026:11:34:44 -0500] "GET /send.php HTTP/1.1" 404 19885 "-" "Mozilla/5.0 (Linux; Android 10; K) AppleWebKit/537.36 (KHTML, like Gecko) Chrome/114.0.0.0 Mobile Safari/537.36"
159.89.197.248 - - [03/Mar/2026:11:34:44 -0500] "GET /3301.php HTTP/1.1" 404 19893 "-" "Mozilla/5.0 (Linux; Android 10; K) AppleWebKit/537.36 (KHTML, like Gecko) Chrome/114.0.0.0 Mobile Safari/537.36"
159.89.197.248 - - [03/Mar/2026:11:34:44 -0500] "GET /wp-ad.php HTTP/1.1" 404 19886 "-" "Mozilla/5.0 (Linux; Android 10; K) AppleWebKit/537.36 (KHTML, like Gecko) Chrome/114.0.0.0 Mobile Safari/537.36"
159.89.197.248 - - [03/Mar/2026:11:34:44 -0500] "GET /wp-configer.php HTTP/1.1" 404 19885 "-" "Mozilla/5.0 (Linux; Android 10; K) AppleWebKit/537.36 (KHTML, like Gecko) Chrome/114.0.0.0 Mobile Safari/537.36"
20.242.80.74 - - [03/Mar/2026:11:34:45 -0500] "GET /wk/index.php HTTP/1.1" 301 0 "-" "Mozilla/5.0 (Windows NT 10.0; Win64; x64) AppleWebKit/537.36 (KHTML, like Gecko) Chrome/120.0.0.0 Safari/537.36"
159.89.197.248 - - [03/Mar/2026:11:34:44 -0500] "GET /anone.php HTTP/1.1" 404 19885 "-" "Mozilla/5.0 (Linux; Android 10; K) AppleWebKit/537.36 (KHTML, like Gecko) Chrome/114.0.0.0 Mobile Safari/537.36"
20.242.80.74 - - [03/Mar/2026:11:34:46 -0500] "GET /inputs.php HTTP/1.1" 404 17383 "-" "Mozilla/5.0 (Windows NT 10.0; Win64; x64) AppleWebKit/537.36 (KHTML, like Gecko) Chrome/120.0.0.0 Safari/537.36"
20.242.80.74 - - [03/Mar/2026:11:34:46 -0500] "GET /ioxi-o.php HTTP/1.1" 404 17381 "-" "Mozilla/5.0 (Windows NT 10.0; Win64; x64) AppleWebKit/537.36 (KHTML, like Gecko) Chrome/120.0.0.0 Safari/537.36"
159.89.197.248 - - [03/Mar/2026:11:34:47 -0500] "GET /sendmail.php HTTP/1.1" 404 19885 "-" "Mozilla/5.0 (Linux; Android 10; K) AppleWebKit/537.36 (KHTML, like Gecko) Chrome/114.0.0.0 Mobile Safari/537.36"
159.89.197.248 - - [03/Mar/2026:11:34:47 -0500] "GET /rahma.php HTTP/1.1" 404 19893 "-" "Mozilla/5.0 (Linux; Android 10; K) AppleWebKit/537.36 (KHTML, like Gecko) Chrome/114.0.0.0 Mobile Safari/537.36"
20.242.80.74 - - [03/Mar/2026:11:34:47 -0500] "GET /function/function.php HTTP/1.1" 404 17383 "-" "Mozilla/5.0 (Windows NT 10.0; Win64; x64) AppleWebKit/537.36 (KHTML, like Gecko) Chrome/120.0.0.0 Safari/537.36"
159.89.197.248 - - [03/Mar/2026:11:34:47 -0500] "GET /.wp-cache.php HTTP/1.1" 404 19892 "-" "Mozilla/5.0 (Linux; Android 10; K) AppleWebKit/537.36 (KHTML, like Gecko) Chrome/114.0.0.0 Mobile Safari/537.36"
159.89.197.248 - - [03/Mar/2026:11:34:47 -0500] "GET /nasgor.php HTTP/1.1" 404 19892 "-" "Mozilla/5.0 (Linux; Android 10; K) AppleWebKit/537.36 (KHTML, like Gecko) Chrome/114.0.0.0 Mobile Safari/537.36"
20.242.80.74 - - [03/Mar/2026:11:34:48 -0500] "GET /rip.php HTTP/1.1" 404 17383 "-" "Mozilla/5.0 (Windows NT 10.0; Win64; x64) AppleWebKit/537.36 (KHTML, like Gecko) Chrome/120.0.0.0 Safari/537.36"
159.89.197.248 - - [03/Mar/2026:11:34:47 -0500] "GET /alfa123.php HTTP/1.1" 404 19886 "-" "Mozilla/5.0 (Linux; Android 10; K) AppleWebKit/537.36 (KHTML, like Gecko) Chrome/114.0.0.0 Mobile Safari/537.36"
20.242.80.74 - - [03/Mar/2026:11:34:49 -0500] "GET /admin.php HTTP/1.1" 404 17378 "-" "Mozilla/5.0 (Windows NT 10.0; Win64; x64) AppleWebKit/537.36 (KHTML, like Gecko) Chrome/120.0.0.0 Safari/537.36"
20.242.80.74 - - [03/Mar/2026:11:34:49 -0500] "GET /wp-content/uploads/index.php HTTP/1.1" 301 0 "-" "Mozilla/5.0 (Windows NT 10.0; Win64; x64) AppleWebKit/537.36 (KHTML, like Gecko) Chrome/120.0.0.0 Safari/537.36"
159.89.197.248 - - [03/Mar/2026:11:34:50 -0500] "GET /wp-trackback.php HTTP/1.1" 404 130 "-" "Mozilla/5.0 (Linux; Android 10; K) AppleWebKit/537.36 (KHTML, like Gecko) Chrome/114.0.0.0 Mobile Safari/537.36"
159.89.197.248 - - [03/Mar/2026:11:34:50 -0500] "GET /500.php HTTP/1.1" 404 19892 "-" "Mozilla/5.0 (Linux; Android 10; K) AppleWebKit/537.36 (KHTML, like Gecko) Chrome/114.0.0.0 Mobile Safari/537.36"
20.242.80.74 - - [03/Mar/2026:11:34:50 -0500] "GET /cache.php HTTP/1.1" 404 17378 "-" "Mozilla/5.0 (Windows NT 10.0; Win64; x64) AppleWebKit/537.36 (KHTML, like Gecko) Chrome/120.0.0.0 Safari/537.36"
159.89.197.248 - - [03/Mar/2026:11:34:50 -0500] "GET /b374k.php HTTP/1.1" 404 19893 "-" "Mozilla/5.0 (Linux; Android 10; K) AppleWebKit/537.36 (KHTML, like Gecko) Chrome/114.0.0.0 Mobile Safari/537.36"
159.89.197.248 - - [03/Mar/2026:11:34:50 -0500] "GET /sh3ll.php HTTP/1.1" 404 19885 "-" "Mozilla/5.0 (Linux; Android 10; K) AppleWebKit/537.36 (KHTML, like Gecko) Chrome/114.0.0.0 Mobile Safari/537.36"
20.242.80.74 - - [03/Mar/2026:11:34:51 -0500] "GET /themes.php HTTP/1.1" 404 17380 "-" "Mozilla/5.0 (Windows NT 10.0; Win64; x64) AppleWebKit/537.36 (KHTML, like Gecko) Chrome/120.0.0.0 Safari/537.36"
159.89.197.248 - - [03/Mar/2026:11:34:50 -0500] "GET /406.php HTTP/1.1" 404 19892 "-" "Mozilla/5.0 (Linux; Android 10; K) AppleWebKit/537.36 (KHTML, like Gecko) Chrome/114.0.0.0 Mobile Safari/537.36"
20.242.80.74 - - [03/Mar/2026:11:34:51 -0500] "GET /an.php HTTP/1.1" 404 17383 "-" "Mozilla/5.0 (Windows NT 10.0; Win64; x64) AppleWebKit/537.36 (KHTML, like Gecko) Chrome/120.0.0.0 Safari/537.36"
20.242.80.74 - - [03/Mar/2026:11:34:52 -0500] "GET /index/function.php HTTP/1.1" 404 17381 "-" "Mozilla/5.0 (Windows NT 10.0; Win64; x64) AppleWebKit/537.36 (KHTML, like Gecko) Chrome/120.0.0.0 Safari/537.36"
159.89.197.248 - - [03/Mar/2026:11:34:52 -0500] "GET /uploads.php HTTP/1.1" 404 19889 "-" "Mozilla/5.0 (Linux; Android 10; K) AppleWebKit/537.36 (KHTML, like Gecko) Chrome/114.0.0.0 Mobile Safari/537.36"
159.89.197.248 - - [03/Mar/2026:11:34:52 -0500] "GET /MARIJUANA.php HTTP/1.1" 404 19893 "-" "Mozilla/5.0 (Linux; Android 10; K) AppleWebKit/537.36 (KHTML, like Gecko) Chrome/114.0.0.0 Mobile Safari/537.36"
159.89.197.248 - - [03/Mar/2026:11:34:52 -0500] "GET /Sym.php HTTP/1.1" 404 19886 "-" "Mozilla/5.0 (Linux; Android 10; K) AppleWebKit/537.36 (KHTML, like Gecko) Chrome/114.0.0.0 Mobile Safari/537.36"
20.242.80.74 - - [03/Mar/2026:11:34:53 -0500] "GET /randkeyword.PhP7 HTTP/1.1" 404 17380 "-" "Mozilla/5.0 (Windows NT 10.0; Win64; x64) AppleWebKit/537.36 (KHTML, like Gecko) Chrome/120.0.0.0 Safari/537.36"
159.89.197.248 - - [03/Mar/2026:11:34:52 -0500] "GET /IndoXploit.php HTTP/1.1" 404 19889 "-" "Mozilla/5.0 (Linux; Android 10; K) AppleWebKit/537.36 (KHTML, like Gecko) Chrome/114.0.0.0 Mobile Safari/537.36"
159.89.197.248 - - [03/Mar/2026:11:34:52 -0500] "GET /zero.php HTTP/1.1" 404 19885 "-" "Mozilla/5.0 (Linux; Android 10; K) AppleWebKit/537.36 (KHTML, like Gecko) Chrome/114.0.0.0 Mobile Safari/537.36"
20.242.80.74 - - [03/Mar/2026:11:34:53 -0500] "GET /ws.php HTTP/1.1" 404 17380 "-" "Mozilla/5.0 (Windows NT 10.0; Win64; x64) AppleWebKit/537.36 (KHTML, like Gecko) Chrome/120.0.0.0 Safari/537.36"
20.242.80.74 - - [03/Mar/2026:11:34:54 -0500] "GET /404.php HTTP/1.1" 404 17383 "-" "Mozilla/5.0 (Windows NT 10.0; Win64; x64) AppleWebKit/537.36 (KHTML, like Gecko) Chrome/120.0.0.0 Safari/537.36"
20.242.80.74 - - [03/Mar/2026:11:34:55 -0500] "GET /wp-admin/user/index.php HTTP/1.1" 302 0 "-" "Mozilla/5.0 (Windows NT 10.0; Win64; x64) AppleWebKit/537.36 (KHTML, like Gecko) Chrome/120.0.0.0 Safari/537.36"
159.89.197.248 - - [03/Mar/2026:11:34:55 -0500] "GET /_.php HTTP/1.1" 404 19889 "-" "Mozilla/5.0 (Linux; Android 10; K) AppleWebKit/537.36 (KHTML, like Gecko) Chrome/114.0.0.0 Mobile Safari/537.36"
159.89.197.248 - - [03/Mar/2026:11:34:55 -0500] "GET /123.php HTTP/1.1" 404 19892 "-" "Mozilla/5.0 (Linux; Android 10; K) AppleWebKit/537.36 (KHTML, like Gecko) Chrome/114.0.0.0 Mobile Safari/537.36"
20.242.80.74 - - [03/Mar/2026:11:34:56 -0500] "GET /wp-conf.php HTTP/1.1" 404 17378 "-" "Mozilla/5.0 (Windows NT 10.0; Win64; x64) AppleWebKit/537.36 (KHTML, like Gecko) Chrome/120.0.0.0 Safari/537.36"
159.89.197.248 - - [03/Mar/2026:11:34:55 -0500] "GET /lock360.php HTTP/1.1" 404 19892 "-" "Mozilla/5.0 (Linux; Android 10; K) AppleWebKit/537.36 (KHTML, like Gecko) Chrome/114.0.0.0 Mobile Safari/537.36"
159.89.197.248 - - [03/Mar/2026:11:34:55 -0500] "GET /wps.php HTTP/1.1" 404 19892 "-" "Mozilla/5.0 (Linux; Android 10; K) AppleWebKit/537.36 (KHTML, like Gecko) Chrome/114.0.0.0 Mobile Safari/537.36"
20.242.80.74 - - [03/Mar/2026:11:34:56 -0500] "GET /wp-content/themes/hideo/network.php HTTP/1.1" 404 17377 "-" "Mozilla/5.0 (Windows NT 10.0; Win64; x64) AppleWebKit/537.36 (KHTML, like Gecko) Chrome/120.0.0.0 Safari/537.36"
159.89.197.248 - - [03/Mar/2026:11:34:55 -0500] "GET /chosen.php HTTP/1.1" 404 19892 "-" "Mozilla/5.0 (Linux; Android 10; K) AppleWebKit/537.36 (KHTML, like Gecko) Chrome/114.0.0.0 Mobile Safari/537.36"
20.242.80.74 - - [03/Mar/2026:11:34:57 -0500] "GET /wp-login.php HTTP/1.1" 200 2012 "-" "Mozilla/5.0 (Windows NT 10.0; Win64; x64) AppleWebKit/537.36 (KHTML, like Gecko) Chrome/120.0.0.0 Safari/537.36"
20.242.80.74 - - [03/Mar/2026:11:34:57 -0500] "GET /abc.php HTTP/1.1" 404 17381 "-" "Mozilla/5.0 (Windows NT 10.0; Win64; x64) AppleWebKit/537.36 (KHTML, like Gecko) Chrome/120.0.0.0 Safari/537.36"
159.89.197.248 - - [03/Mar/2026:11:34:57 -0500] "GET /leaf.php HTTP/1.1" 404 19886 "-" "Mozilla/5.0 (Linux; Android 10; K) AppleWebKit/537.36 (KHTML, like Gecko) Chrome/114.0.0.0 Mobile Safari/537.36"
159.89.197.248 - - [03/Mar/2026:11:34:57 -0500] "GET /raw.php HTTP/1.1" 404 19883 "-" "Mozilla/5.0 (Linux; Android 10; K) AppleWebKit/537.36 (KHTML, like Gecko) Chrome/114.0.0.0 Mobile Safari/537.36"
20.242.80.74 - - [03/Mar/2026:11:34:58 -0500] "GET /abcd.php HTTP/1.1" 404 17381 "-" "Mozilla/5.0 (Windows NT 10.0; Win64; x64) AppleWebKit/537.36 (KHTML, like Gecko) Chrome/120.0.0.0 Safari/537.36"
159.89.197.248 - - [03/Mar/2026:11:34:57 -0500] "GET /666.php HTTP/1.1" 404 19886 "-" "Mozilla/5.0 (Linux; Android 10; K) AppleWebKit/537.36 (KHTML, like Gecko) Chrome/114.0.0.0 Mobile Safari/537.36"
159.89.197.248 - - [03/Mar/2026:11:34:57 -0500] "GET /1877x.php HTTP/1.1" 404 19892 "-" "Mozilla/5.0 (Linux; Android 10; K) AppleWebKit/537.36 (KHTML, like Gecko) Chrome/114.0.0.0 Mobile Safari/537.36"
20.242.80.74 - - [03/Mar/2026:11:34:59 -0500] "GET /as.php HTTP/1.1" 404 17383 "-" "Mozilla/5.0 (Windows NT 10.0; Win64; x64) AppleWebKit/537.36 (KHTML, like Gecko) Chrome/120.0.0.0 Safari/537.36"
159.89.197.248 - - [03/Mar/2026:11:34:57 -0500] "GET /wp-cgi.php HTTP/1.1" 404 19889 "-" "Mozilla/5.0 (Linux; Android 10; K) AppleWebKit/537.36 (KHTML, like Gecko) Chrome/114.0.0.0 Mobile Safari/537.36"
20.242.80.74 - - [03/Mar/2026:11:34:59 -0500] "GET /wp-trackback.php HTTP/1.1" 404 91 "-" "Mozilla/5.0 (Windows NT 10.0; Win64; x64) AppleWebKit/537.36 (KHTML, like Gecko) Chrome/120.0.0.0 Safari/537.36"
20.242.80.74 - - [03/Mar/2026:11:35:00 -0500] "GET /about.php HTTP/1.1" 404 17380 "-" "Mozilla/5.0 (Windows NT 10.0; Win64; x64) AppleWebKit/537.36 (KHTML, like Gecko) Chrome/120.0.0.0 Safari/537.36"
159.89.197.248 - - [03/Mar/2026:11:35:00 -0500] "GET /style.php HTTP/1.1" 404 19885 "-" "Mozilla/5.0 (Linux; Android 10; K) AppleWebKit/537.36 (KHTML, like Gecko) Chrome/114.0.0.0 Mobile Safari/537.36"
159.89.197.248 - - [03/Mar/2026:11:35:00 -0500] "GET /options-permalink.php HTTP/1.1" 404 19892 "-" "Mozilla/5.0 (Linux; Android 10; K) AppleWebKit/537.36 (KHTML, like Gecko) Chrome/114.0.0.0 Mobile Safari/537.36"
20.242.80.74 - - [03/Mar/2026:11:35:01 -0500] "GET /file.php HTTP/1.1" 404 17383 "-" "Mozilla/5.0 (Windows NT 10.0; Win64; x64) AppleWebKit/537.36 (KHTML, like Gecko) Chrome/120.0.0.0 Safari/537.36"
159.89.197.248 - - [03/Mar/2026:11:35:00 -0500] "GET /green.php HTTP/1.1" 404 19885 "-" "Mozilla/5.0 (Linux; Android 10; K) AppleWebKit/537.36 (KHTML, like Gecko) Chrome/114.0.0.0 Mobile Safari/537.36"
159.89.197.248 - - [03/Mar/2026:11:35:00 -0500] "GET /cmd.php HTTP/1.1" 404 19885 "-" "Mozilla/5.0 (Linux; Android 10; K) AppleWebKit/537.36 (KHTML, like Gecko) Chrome/114.0.0.0 Mobile Safari/537.36"
20.242.80.74 - - [03/Mar/2026:11:35:01 -0500] "GET /adminfuns.php HTTP/1.1" 404 17383 "-" "Mozilla/5.0 (Windows NT 10.0; Win64; x64) AppleWebKit/537.36 (KHTML, like Gecko) Chrome/120.0.0.0 Safari/537.36"
159.89.197.248 - - [03/Mar/2026:11:35:00 -0500] "GET /worm0.PhP7 HTTP/1.1" 404 19886 "-" "Mozilla/5.0 (Linux; Android 10; K) AppleWebKit/537.36 (KHTML, like Gecko) Chrome/114.0.0.0 Mobile Safari/537.36"
20.242.80.74 - - [03/Mar/2026:11:35:02 -0500] "GET /wp-good.php HTTP/1.1" 404 17380 "-" "Mozilla/5.0 (Windows NT 10.0; Win64; x64) AppleWebKit/537.36 (KHTML, like Gecko) Chrome/120.0.0.0 Safari/537.36"
20.242.80.74 - - [03/Mar/2026:11:35:03 -0500] "GET /xmlrpc.php HTTP/1.1" 405 46 "-" "Mozilla/5.0 (Windows NT 10.0; Win64; x64) AppleWebKit/537.36 (KHTML, like Gecko) Chrome/120.0.0.0 Safari/537.36"
159.89.197.248 - - [03/Mar/2026:11:35:03 -0500] "GET /radio.PHP7 HTTP/1.1" 404 19886 "-" "Mozilla/5.0 (Linux; Android 10; K) AppleWebKit/537.36 (KHTML, like Gecko) Chrome/114.0.0.0 Mobile Safari/537.36"
159.89.197.248 - - [03/Mar/2026:11:35:03 -0500] "GET /xleet.PHP HTTP/1.1" 404 19886 "-" "Mozilla/5.0 (Linux; Android 10; K) AppleWebKit/537.36 (KHTML, like Gecko) Chrome/114.0.0.0 Mobile Safari/537.36"
20.242.80.74 - - [03/Mar/2026:11:35:04 -0500] "GET /goods.php HTTP/1.1" 404 17383 "-" "Mozilla/5.0 (Windows NT 10.0; Win64; x64) AppleWebKit/537.36 (KHTML, like Gecko) Chrome/120.0.0.0 Safari/537.36"
159.89.197.248 - - [03/Mar/2026:11:35:03 -0500] "GET /wp-about.php HTTP/1.1" 404 19886 "-" "Mozilla/5.0 (Linux; Android 10; K) AppleWebKit/537.36 (KHTML, like Gecko) Chrome/114.0.0.0 Mobile Safari/537.36"
159.89.197.248 - - [03/Mar/2026:11:35:03 -0500] "GET /wp-.php HTTP/1.1" 404 19885 "-" "Mozilla/5.0 (Linux; Android 10; K) AppleWebKit/537.36 (KHTML, like Gecko) Chrome/114.0.0.0 Mobile Safari/537.36"
159.89.197.248 - - [03/Mar/2026:11:35:03 -0500] "GET /radio.PHP56 HTTP/1.1" 404 19886 "-" "Mozilla/5.0 (Linux; Android 10; K) AppleWebKit/537.36 (KHTML, like Gecko) Chrome/114.0.0.0 Mobile Safari/537.36"
20.242.80.74 - - [03/Mar/2026:11:35:05 -0500] "GET /class-t.api.php HTTP/1.1" 404 17383 "-" "Mozilla/5.0 (Windows NT 10.0; Win64; x64) AppleWebKit/537.36 (KHTML, like Gecko) Chrome/120.0.0.0 Safari/537.36"
20.242.80.74 - - [03/Mar/2026:11:35:06 -0500] "GET /sf.php HTTP/1.1" 404 17378 "-" "Mozilla/5.0 (Windows NT 10.0; Win64; x64) AppleWebKit/537.36 (KHTML, like Gecko) Chrome/120.0.0.0 Safari/537.36"
20.242.80.74 - - [03/Mar/2026:11:35:06 -0500] "GET /kbfr.php HTTP/1.1" 404 17383 "-" "Mozilla/5.0 (Windows NT 10.0; Win64; x64) AppleWebKit/537.36 (KHTML, like Gecko) Chrome/120.0.0.0 Safari/537.36"
20.242.80.74 - - [03/Mar/2026:11:35:07 -0500] "GET /autoload_classmap.php HTTP/1.1" 404 17383 "-" "Mozilla/5.0 (Windows NT 10.0; Win64; x64) AppleWebKit/537.36 (KHTML, like Gecko) Chrome/120.0.0.0 Safari/537.36"
159.89.197.248 - - [03/Mar/2026:11:35:08 -0500] "GET /wp1.php HTTP/1.1" 404 19885 "-" "Mozilla/5.0 (Linux; Android 10; K) AppleWebKit/537.36 (KHTML, like Gecko) Chrome/114.0.0.0 Mobile Safari/537.36"
20.242.80.74 - - [03/Mar/2026:11:35:09 -0500] "GET /chosen.php?p= HTTP/1.1" 301 0 "-" "Mozilla/5.0 (Windows NT 10.0; Win64; x64) AppleWebKit/537.36 (KHTML, like Gecko) Chrome/120.0.0.0 Safari/537.36"
159.89.197.248 - - [03/Mar/2026:11:35:08 -0500] "GET /a1.php HTTP/1.1" 404 19889 "-" "Mozilla/5.0 (Linux; Android 10; K) AppleWebKit/537.36 (KHTML, like Gecko) Chrome/114.0.0.0 Mobile Safari/537.36"
159.89.197.248 - - [03/Mar/2026:11:35:08 -0500] "GET /ws0.php HTTP/1.1" 404 19885 "-" "Mozilla/5.0 (Linux; Android 10; K) AppleWebKit/537.36 (KHTML, like Gecko) Chrome/114.0.0.0 Mobile Safari/537.36"
20.242.80.74 - - [03/Mar/2026:11:35:09 -0500] "GET /classwithtostring.php HTTP/1.1" 404 17383 "-" "Mozilla/5.0 (Windows NT 10.0; Win64; x64) AppleWebKit/537.36 (KHTML, like Gecko) Chrome/120.0.0.0 Safari/537.36"
159.89.197.248 - - [03/Mar/2026:11:35:08 -0500] "GET /b374k.php5 HTTP/1.1" 404 19893 "-" "Mozilla/5.0 (Linux; Android 10; K) AppleWebKit/537.36 (KHTML, like Gecko) Chrome/114.0.0.0 Mobile Safari/537.36"
159.89.197.248 - - [03/Mar/2026:11:35:08 -0500] "GET /xt.php HTTP/1.1" 404 19892 "-" "Mozilla/5.0 (Linux; Android 10; K) AppleWebKit/537.36 (KHTML, like Gecko) Chrome/114.0.0.0 Mobile Safari/537.36"
20.242.80.74 - - [03/Mar/2026:11:35:10 -0500] "GET /defaults.php HTTP/1.1" 404 17378 "-" "Mozilla/5.0 (Windows NT 10.0; Win64; x64) AppleWebKit/537.36 (KHTML, like Gecko) Chrome/120.0.0.0 Safari/537.36"
20.242.80.74 - - [03/Mar/2026:11:35:11 -0500] "GET /wp-includes/ HTTP/1.1" 200 7700 "-" "Mozilla/5.0 (Windows NT 10.0; Win64; x64) AppleWebKit/537.36 (KHTML, like Gecko) Chrome/120.0.0.0 Safari/537.36"
20.242.80.74 - - [03/Mar/2026:11:35:11 -0500] "GET /.well-known/ HTTP/1.1" 404 17378 "-" "Mozilla/5.0 (Windows NT 10.0; Win64; x64) AppleWebKit/537.36 (KHTML, like Gecko) Chrome/120.0.0.0 Safari/537.36"
20.242.80.74 - - [03/Mar/2026:11:35:12 -0500] "GET /info.php HTTP/1.1" 404 17383 "-" "Mozilla/5.0 (Windows NT 10.0; Win64; x64) AppleWebKit/537.36 (KHTML, like Gecko) Chrome/120.0.0.0 Safari/537.36"
159.89.197.248 - - [03/Mar/2026:11:35:12 -0500] "GET /fz.php HTTP/1.1" 404 19885 "-" "Mozilla/5.0 (Linux; Android 10; K) AppleWebKit/537.36 (KHTML, like Gecko) Chrome/114.0.0.0 Mobile Safari/537.36"
159.89.197.248 - - [03/Mar/2026:11:35:12 -0500] "GET /db.php?u HTTP/1.1" 404 19883 "-" "Mozilla/5.0 (Linux; Android 10; K) AppleWebKit/537.36 (KHTML, like Gecko) Chrome/114.0.0.0 Mobile Safari/537.36"
159.89.197.248 - - [03/Mar/2026:11:35:12 -0500] "GET /alfa-rex.php HTTP/1.1" 404 19883 "-" "Mozilla/5.0 (Linux; Android 10; K) AppleWebKit/537.36 (KHTML, like Gecko) Chrome/114.0.0.0 Mobile Safari/537.36"
20.242.80.74 - - [03/Mar/2026:11:35:13 -0500] "GET /cgi-bin/ HTTP/1.1" 404 17381 "-" "Mozilla/5.0 (Windows NT 10.0; Win64; x64) AppleWebKit/537.36 (KHTML, like Gecko) Chrome/120.0.0.0 Safari/537.36"
159.89.197.248 - - [03/Mar/2026:11:35:12 -0500] "GET /exploit.php HTTP/1.1" 404 19886 "-" "Mozilla/5.0 (Linux; Android 10; K) AppleWebKit/537.36 (KHTML, like Gecko) Chrome/114.0.0.0 Mobile Safari/537.36"
159.89.197.248 - - [03/Mar/2026:11:35:12 -0500] "GET /axshell.php HTTP/1.1" 404 19886 "-" "Mozilla/5.0 (Linux; Android 10; K) AppleWebKit/537.36 (KHTML, like Gecko) Chrome/114.0.0.0 Mobile Safari/537.36"
20.242.80.74 - - [03/Mar/2026:11:35:14 -0500] "GET /uploads/ HTTP/1.1" 404 17380 "-" "Mozilla/5.0 (Windows NT 10.0; Win64; x64) AppleWebKit/537.36 (KHTML, like Gecko) Chrome/120.0.0.0 Safari/537.36"
20.242.80.74 - - [03/Mar/2026:11:35:15 -0500] "GET /wp-admin/images/ HTTP/1.1" 200 2473 "-" "Mozilla/5.0 (Windows NT 10.0; Win64; x64) AppleWebKit/537.36 (KHTML, like Gecko) Chrome/120.0.0.0 Safari/537.36"
20.242.80.74 - - [03/Mar/2026:11:35:15 -0500] "GET /wp-includes/Requests/src/Response/about.php HTTP/1.1" 404 17378 "-" "Mozilla/5.0 (Windows NT 10.0; Win64; x64) AppleWebKit/537.36 (KHTML, like Gecko) Chrome/120.0.0.0 Safari/537.36"
20.242.80.74 - - [03/Mar/2026:11:35:15 -0500] "GET /wp-includes/html-api/ HTTP/1.1" 200 1430 "-" "Mozilla/5.0 (Windows NT 10.0; Win64; x64) AppleWebKit/537.36 (KHTML, like Gecko) Chrome/120.0.0.0 Safari/537.36"
159.89.197.248 - - [03/Mar/2026:11:35:15 -0500] "GET /mad.php HTTP/1.1" 404 19885 "-" "Mozilla/5.0 (Linux; Android 10; K) AppleWebKit/537.36 (KHTML, like Gecko) Chrome/114.0.0.0 Mobile Safari/537.36"
20.242.80.74 - - [03/Mar/2026:11:35:15 -0500] "GET /wp-content/admin.php HTTP/1.1" 404 17383 "-" "Mozilla/5.0 (Windows NT 10.0; Win64; x64) AppleWebKit/537.36 (KHTML, like Gecko) Chrome/120.0.0.0 Safari/537.36"
20.242.80.74 - - [03/Mar/2026:11:35:16 -0500] "GET /wp-admin/css/colors/ectoplasm/ HTTP/1.1" 200 732 "-" "Mozilla/5.0 (Windows NT 10.0; Win64; x64) AppleWebKit/537.36 (KHTML, like Gecko) Chrome/120.0.0.0 Safari/537.36"
159.89.197.248 - - [03/Mar/2026:11:35:15 -0500] "GET /r57.php5 HTTP/1.1" 404 19883 "-" "Mozilla/5.0 (Linux; Android 10; K) AppleWebKit/537.36 (KHTML, like Gecko) Chrome/114.0.0.0 Mobile Safari/537.36"
20.242.80.74 - - [03/Mar/2026:11:35:16 -0500] "GET /wp-content/uploads/ HTTP/1.1" 200 1604 "-" "Mozilla/5.0 (Windows NT 10.0; Win64; x64) AppleWebKit/537.36 (KHTML, like Gecko) Chrome/120.0.0.0 Safari/537.36"
