66.249.90.225 - - [03/Mar/2026:12:05:57 -0500] "GET /wp-content/plugins/easy-digital-downloads/assets/js/edd-ajax.js?ver=3.2.9 HTTP/1.1" 200 3532 "https://techinfrareviews.com/?products%2F12223329%2F" "Mozilla/5.0 (X11; Linux x86_64) AppleWebKit/537.36 (KHTML, like Gecko) Chrome/144.0.7559.132 Safari/537.36"
66.249.90.225 - - [03/Mar/2026:12:05:58 -0500] "GET /wp-content/plugins/newsletter/main.js?ver=9.1.0 HTTP/1.1" 200 319 "https://techinfrareviews.com/?products%2F12223329%2F" "Mozilla/5.0 (X11; Linux x86_64) AppleWebKit/537.36 (KHTML, like Gecko) Chrome/144.0.7559.132 Safari/537.36"
66.249.90.225 - - [03/Mar/2026:12:05:58 -0500] "GET /wp-content/uploads/2024/07/jjjkn-1.jpg HTTP/1.1" 200 100496 "https://techinfrareviews.com/?products%2F12223329%2F" "Mozilla/5.0 (X11; Linux x86_64) AppleWebKit/537.36 (KHTML, like Gecko) Chrome/144.0.7559.132 Safari/537.36"
66.249.90.227 - - [03/Mar/2026:12:06:16 -0500] "GET /wp-content/themes/wishful-blog/wishfulthemes/assets/images/home-bg.jpg HTTP/1.1" 200 163287 "https://techinfrareviews.com/wp-content/themes/wishful-blog/style.css?ver=6.9" "Mozilla/5.0 (X11; Linux x86_64) AppleWebKit/537.36 (KHTML, like Gecko) Chrome/144.0.7559.132 Safari/537.36"
66.249.90.225 - - [03/Mar/2026:12:06:16 -0500] "GET /wp-content/plugins/site-reviews/assets/images/stars/default/star-half.svg HTTP/1.1" 200 388 "https://techinfrareviews.com/?products%2F12223329%2F" "Mozilla/5.0 (X11; Linux x86_64) AppleWebKit/537.36 (KHTML, like Gecko) Chrome/144.0.7559.132 Safari/537.36"
66.249.90.225 - - [03/Mar/2026:12:06:16 -0500] "GET /wp-content/plugins/site-reviews/assets/images/stars/default/star-full.svg HTTP/1.1" 200 286 "https://techinfrareviews.com/?products%2F12223329%2F" "Mozilla/5.0 (X11; Linux x86_64) AppleWebKit/537.36 (KHTML, like Gecko) Chrome/144.0.7559.132 Safari/537.36"
66.249.90.226 - - [03/Mar/2026:12:06:17 -0500] "GET /wp-content/plugins/site-reviews/assets/images/stars/default/star-empty.svg HTTP/1.1" 200 438 "https://techinfrareviews.com/?products%2F12223329%2F" "Mozilla/5.0 (X11; Linux x86_64) AppleWebKit/537.36 (KHTML, like Gecko) Chrome/144.0.7559.132 Safari/537.36"
66.249.90.225 - - [03/Mar/2026:12:06:17 -0500] "GET /wp-content/themes/wishful-blog/wishfulthemes/assets/css/fonts/fontawesome-webfont3e6e.html?v=4.7.0 HTTP/1.1" 200 76887 "https://techinfrareviews.com/wp-content/themes/wishful-blog/wishfulthemes/assets/css/custom.css?ver=6.9" "Mozilla/5.0 (X11; Linux x86_64) AppleWebKit/537.36 (KHTML, like Gecko) Chrome/144.0.7559.132 Safari/537.36"
66.249.90.226 - - [03/Mar/2026:12:06:17 -0500] "GET /wp-content/plugins/post-category-image-with-grid-and-slider/assets/images/ajax-loader.gif HTTP/1.1" 200 4178 "https://techinfrareviews.com/wp-content/plugins/post-category-image-with-grid-and-slider/assets/css/categoryimage-public.css?ver=1.4.3" "Mozilla/5.0 (X11; Linux x86_64) AppleWebKit/537.36 (KHTML, like Gecko) Chrome/144.0.7559.132 Safari/537.36"
66.249.90.226 - - [03/Mar/2026:12:06:17 -0500] "GET /wp-content/plugins/post-category-image-with-grid-and-slider/assets/images/arrow-left.png HTTP/1.1" 200 3008 "https://techinfrareviews.com/wp-content/plugins/post-category-image-with-grid-and-slider/assets/css/categoryimage-public.css?ver=1.4.3" "Mozilla/5.0 (X11; Linux x86_64) AppleWebKit/537.36 (KHTML, like Gecko) Chrome/144.0.7559.132 Safari/537.36"
66.249.90.227 - - [03/Mar/2026:12:06:18 -0500] "GET /wp-content/themes/wishful-blog/wishfulthemes/assets/slick/fonts/slick.woff HTTP/1.1" 200 1380 "https://techinfrareviews.com/wp-content/themes/wishful-blog/wishfulthemes/assets/slick/slick-theme.css?ver=6.9" "Mozilla/5.0 (X11; Linux x86_64) AppleWebKit/537.36 (KHTML, like Gecko) Chrome/144.0.7559.132 Safari/537.36"
66.249.90.225 - - [03/Mar/2026:12:06:18 -0500] "GET /wp-content/plugins/post-category-image-with-grid-and-slider/assets/images/arrow-right.png HTTP/1.1" 200 2983 "https://techinfrareviews.com/wp-content/plugins/post-category-image-with-grid-and-slider/assets/css/categoryimage-public.css?ver=1.4.3" "Mozilla/5.0 (X11; Linux x86_64) AppleWebKit/537.36 (KHTML, like Gecko) Chrome/144.0.7559.132 Safari/537.36"
66.249.90.226 - - [03/Mar/2026:12:06:18 -0500] "GET /wp-content/themes/wishful-blog/wishfulthemes/assets/css/fonts/fontawesome-webfont3e6e.woff?v=4.7.0 HTTP/1.1" 200 98024 "https://techinfrareviews.com/wp-content/themes/wishful-blog/wishfulthemes/assets/css/custom.css?ver=6.9" "Mozilla/5.0 (X11; Linux x86_64) AppleWebKit/537.36 (KHTML, like Gecko) Chrome/144.0.7559.132 Safari/537.36"
66.249.90.227 - - [03/Mar/2026:12:06:38 -0500] "GET /wp-content/uploads/2024/12/girl-man-looking-notebook-s-screen_1301-717-300x206.jpg HTTP/1.1" 200 12929 "https://techinfrareviews.com/?products%2F12223329%2F" "Mozilla/5.0 (X11; Linux x86_64) AppleWebKit/537.36 (KHTML, like Gecko) Chrome/144.0.7559.132 Safari/537.36"
66.249.90.226 - - [03/Mar/2026:12:06:38 -0500] "GET /wp-content/uploads/2024/12/people-analyzing-checking-finance-graphs-office_23-2150377185-300x200.jpg HTTP/1.1" 200 15647 "https://techinfrareviews.com/?products%2F12223329%2F" "Mozilla/5.0 (X11; Linux x86_64) AppleWebKit/537.36 (KHTML, like Gecko) Chrome/144.0.7559.132 Safari/537.36"
66.249.90.226 - - [03/Mar/2026:12:06:39 -0500] "GET /wp-content/uploads/2024/12/young-fashion-smiling-hipster-man-city-cafe-lunch-time-with-notebook-suit_158538-8052-300x200.jpg HTTP/1.1" 200 13198 "https://techinfrareviews.com/?products%2F12223329%2F" "Mozilla/5.0 (X11; Linux x86_64) AppleWebKit/537.36 (KHTML, like Gecko) Chrome/144.0.7559.132 Safari/537.36"
66.249.90.225 - - [03/Mar/2026:12:06:39 -0500] "GET /wp-content/uploads/2024/11/busy-co-workers_1098-14819-300x200.jpg HTTP/1.1" 200 14192 "https://techinfrareviews.com/?products%2F12223329%2F" "Mozilla/5.0 (X11; Linux x86_64) AppleWebKit/537.36 (KHTML, like Gecko) Chrome/144.0.7559.132 Safari/537.36"
162.0.217.45 - - [03/Mar/2026:12:08:43 -0500] "POST /wp-cron.php?doing_wp_cron=1772557723.1066660881042480468750 HTTP/1.1" 200 0 "-" "WordPress/6.9; https://techinfrareviews.com"
43.153.107.22 - - [03/Mar/2026:12:08:40 -0500] "GET /xmlrpc.php?rsd HTTP/1.1" 200 314 "-" "Mozilla/5.0 (iPhone; CPU iPhone OS 13_2_3 like Mac OS X) AppleWebKit/605.1.15 (KHTML, like Gecko) Version/13.0.3 Mobile/15E148 Safari/604.1"
162.0.217.45 - - [03/Mar/2026:12:13:35 -0500] "POST /wp-cron.php?doing_wp_cron=1772558015.6247029304504394531250 HTTP/1.1" 200 0 "-" "WordPress/6.9; https://techinfrareviews.com"
51.38.104.193 - - [03/Mar/2026:12:13:32 -0500] "GET /not_found?debug-secret HTTP/1.1" 404 74175 "-" "Mozilla/5.0 (Windows NT 10.0; Win64; x64) AppleWebKit/537.36 (KHTML, like Gecko) Chrome/127.0.0.0 Safari/537.36"
162.0.217.45 - - [03/Mar/2026:12:16:35 -0500] "POST /wp-cron.php?doing_wp_cron=1772558195.0611879825592041015625 HTTP/1.1" 200 0 "-" "WordPress/6.9; https://techinfrareviews.com"
66.249.73.67 - - [03/Mar/2026:12:16:31 -0500] "GET /?products/13336074/ HTTP/1.1" 301 0 "-" "Mozilla/5.0 (Linux; Android 6.0.1; Nexus 5X Build/MMB29P) AppleWebKit/537.36 (KHTML, like Gecko) Chrome/144.0.7559.132 Mobile Safari/537.36 (compatible; GoogleOther)"
66.249.73.65 - - [03/Mar/2026:12:16:42 -0500] "GET /?products%2F13336074%2F HTTP/1.1" 200 21871 "-" "Mozilla/5.0 (Linux; Android 6.0.1; Nexus 5X Build/MMB29P) AppleWebKit/537.36 (KHTML, like Gecko) Chrome/144.0.7559.132 Mobile Safari/537.36 (compatible; GoogleOther)"
162.0.217.45 - - [03/Mar/2026:12:18:35 -0500] "POST /wp-cron.php?doing_wp_cron=1772558315.5371448993682861328125 HTTP/1.1" 200 0 "-" "WordPress/6.9; https://techinfrareviews.com"
43.159.141.150 - - [03/Mar/2026:12:18:31 -0500] "GET /talentrecruit/ HTTP/1.1" 200 25711 "-" "Mozilla/5.0 (iPhone; CPU iPhone OS 13_2_3 like Mac OS X) AppleWebKit/605.1.15 (KHTML, like Gecko) Version/13.0.3 Mobile/15E148 Safari/604.1"
66.249.73.67 - - [03/Mar/2026:12:26:31 -0500] "GET /robots.txt HTTP/1.1" 200 178 "-" "Mozilla/5.0 (compatible; Googlebot/2.1; +http://www.google.com/bot.html)"
162.0.217.45 - - [03/Mar/2026:12:26:41 -0500] "POST /wp-cron.php?doing_wp_cron=1772558801.4949250221252441406250 HTTP/1.1" 200 0 "-" "WordPress/6.9; https://techinfrareviews.com"
66.249.73.66 - - [03/Mar/2026:12:26:31 -0500] "GET /?shop/storeSearch/CriteriaInput HTTP/1.1" 301 0 "-" "Mozilla/5.0 (Linux; Android 6.0.1; Nexus 5X Build/MMB29P) AppleWebKit/537.36 (KHTML, like Gecko) Chrome/144.0.7559.132 Mobile Safari/537.36 (compatible; GoogleOther)"
66.249.73.66 - - [03/Mar/2026:12:26:57 -0500] "GET /?shop%2FstoreSearch%2FCriteriaInput HTTP/1.1" 200 21871 "-" "Mozilla/5.0 (Linux; Android 6.0.1; Nexus 5X Build/MMB29P) AppleWebKit/537.36 (KHTML, like Gecko) Chrome/144.0.7559.132 Mobile Safari/537.36 (compatible; GoogleOther)"
66.249.73.65 - - [03/Mar/2026:12:27:03 -0500] "GET /wp-content/themes/wishful-blog/style.css?ver=6.9 HTTP/1.1" 200 3944 "https://techinfrareviews.com/?shop%2FstoreSearch%2FCriteriaInput" "Mozilla/5.0 (Linux; Android 6.0.1; Nexus 5X Build/MMB29P) AppleWebKit/537.36 (KHTML, like Gecko) Chrome/144.0.7559.132 Mobile Safari/537.36 (compatible; Googlebot/2.1; +http://www.google.com/bot.html)"
66.249.73.65 - - [03/Mar/2026:12:27:04 -0500] "GET /wp-content/themes/wishful-blog/wishfulthemes/assets/css/custom.css?ver=6.9 HTTP/1.1" 200 123236 "https://techinfrareviews.com/?shop%2FstoreSearch%2FCriteriaInput" "Mozilla/5.0 (Linux; Android 6.0.1; Nexus 5X Build/MMB29P) AppleWebKit/537.36 (KHTML, like Gecko) Chrome/144.0.7559.132 Mobile Safari/537.36 (compatible; Googlebot/2.1; +http://www.google.com/bot.html)"
66.249.73.65 - - [03/Mar/2026:12:27:04 -0500] "GET /wp-content/plugins/latest-posts/assets/css/style.css?ver=1.4.4 HTTP/1.1" 200 212 "https://techinfrareviews.com/?shop%2FstoreSearch%2FCriteriaInput" "Mozilla/5.0 (Linux; Android 6.0.1; Nexus 5X Build/MMB29P) AppleWebKit/537.36 (KHTML, like Gecko) Chrome/144.0.7559.132 Mobile Safari/537.36 (compatible; Googlebot/2.1; +http://www.google.com/bot.html)"
66.249.73.65 - - [03/Mar/2026:12:27:05 -0500] "GET /wp-includes/js/jquery/jquery-migrate.min.js?ver=3.4.1 HTTP/1.1" 200 4678 "https://techinfrareviews.com/?shop%2FstoreSearch%2FCriteriaInput" "Mozilla/5.0 (Linux; Android 6.0.1; Nexus 5X Build/MMB29P) AppleWebKit/537.36 (KHTML, like Gecko) Chrome/144.0.7559.132 Mobile Safari/537.36 (compatible; Googlebot/2.1; +http://www.google.com/bot.html)"
66.249.73.65 - - [03/Mar/2026:12:27:05 -0500] "GET /wp-content/plugins/off-canvas-sidebars/css/off-canvas-sidebars.css?ver=0.5.8.2 HTTP/1.1" 200 1114 "https://techinfrareviews.com/?shop%2FstoreSearch%2FCriteriaInput" "Mozilla/5.0 (Linux; Android 6.0.1; Nexus 5X Build/MMB29P) AppleWebKit/537.36 (KHTML, like Gecko) Chrome/144.0.7559.132 Mobile Safari/537.36 (compatible; Googlebot/2.1; +http://www.google.com/bot.html)"
66.249.73.65 - - [03/Mar/2026:12:27:06 -0500] "GET /wp-content/plugins/contact-form-7/includes/js/index.js?ver=5.5.4 HTTP/1.1" 200 3050 "https://techinfrareviews.com/?shop%2FstoreSearch%2FCriteriaInput" "Mozilla/5.0 (Linux; Android 6.0.1; Nexus 5X Build/MMB29P) AppleWebKit/537.36 (KHTML, like Gecko) Chrome/144.0.7559.132 Mobile Safari/537.36 (compatible; Googlebot/2.1; +http://www.google.com/bot.html)"
66.249.73.65 - - [03/Mar/2026:12:27:06 -0500] "GET /wp-content/plugins/post-category-image-with-grid-and-slider/assets/css/categoryimage-public.css?ver=1.4.3 HTTP/1.1" 200 1501 "https://techinfrareviews.com/?shop%2FstoreSearch%2FCriteriaInput" "Mozilla/5.0 (Linux; Android 6.0.1; Nexus 5X Build/MMB29P) AppleWebKit/537.36 (KHTML, like Gecko) Chrome/144.0.7559.132 Mobile Safari/537.36 (compatible; Googlebot/2.1; +http://www.google.com/bot.html)"
66.249.73.65 - - [03/Mar/2026:12:27:07 -0500] "GET /wp-includes/js/dist/vendor/wp-polyfill.min.js?ver=3.15.0 HTTP/1.1" 200 11540 "https://techinfrareviews.com/?shop%2FstoreSearch%2FCriteriaInput" "Mozilla/5.0 (Linux; Android 6.0.1; Nexus 5X Build/MMB29P) AppleWebKit/537.36 (KHTML, like Gecko) Chrome/144.0.7559.132 Mobile Safari/537.36 (compatible; Googlebot/2.1; +http://www.google.com/bot.html)"
66.249.73.65 - - [03/Mar/2026:12:27:08 -0500] "GET /wp-content/themes/wishful-blog/wishfulthemes/assets/slick/slick.css?ver=6.9 HTTP/1.1" 200 473 "https://techinfrareviews.com/?shop%2FstoreSearch%2FCriteriaInput" "Mozilla/5.0 (Linux; Android 6.0.1; Nexus 5X Build/MMB29P) AppleWebKit/537.36 (KHTML, like Gecko) Chrome/144.0.7559.132 Mobile Safari/537.36 (compatible; Googlebot/2.1; +http://www.google.com/bot.html)"
66.249.73.65 - - [03/Mar/2026:12:27:08 -0500] "GET /wp-content/themes/wishful-blog/wishfulthemes/assets/js/custom.js?ver=2.0.0 HTTP/1.1" 200 665 "https://techinfrareviews.com/?shop%2FstoreSearch%2FCriteriaInput" "Mozilla/5.0 (Linux; Android 6.0.1; Nexus 5X Build/MMB29P) AppleWebKit/537.36 (KHTML, like Gecko) Chrome/144.0.7559.132 Mobile Safari/537.36 (compatible; Googlebot/2.1; +http://www.google.com/bot.html)"
66.249.73.65 - - [03/Mar/2026:12:27:08 -0500] "GET /wp-content/themes/wishful-blog/wishfulthemes/assets/js/functions.js?ver=2.0.0 HTTP/1.1" 200 2055 "https://techinfrareviews.com/?shop%2FstoreSearch%2FCriteriaInput" "Mozilla/5.0 (Linux; Android 6.0.1; Nexus 5X Build/MMB29P) AppleWebKit/537.36 (KHTML, like Gecko) Chrome/144.0.7559.132 Mobile Safari/537.36 (compatible; Googlebot/2.1; +http://www.google.com/bot.html)"
66.249.73.65 - - [03/Mar/2026:12:27:08 -0500] "GET /wp-content/themes/wishful-blog/wishfulthemes/assets/js/custom-functions.js?ver=2.0.0 HTTP/1.1" 200 133321 "https://techinfrareviews.com/?shop%2FstoreSearch%2FCriteriaInput" "Mozilla/5.0 (Linux; Android 6.0.1; Nexus 5X Build/MMB29P) AppleWebKit/537.36 (KHTML, like Gecko) Chrome/144.0.7559.132 Mobile Safari/537.36 (compatible; Googlebot/2.1; +http://www.google.com/bot.html)"
66.249.73.65 - - [03/Mar/2026:12:27:08 -0500] "GET /wp-content/themes/wishful-blog/js/skip-link-focus-fix.js?ver=2.0.0 HTTP/1.1" 200 332 "https://techinfrareviews.com/?shop%2FstoreSearch%2FCriteriaInput" "Mozilla/5.0 (Linux; Android 6.0.1; Nexus 5X Build/MMB29P) AppleWebKit/537.36 (KHTML, like Gecko) Chrome/144.0.7559.132 Mobile Safari/537.36 (compatible; Googlebot/2.1; +http://www.google.com/bot.html)"
66.249.73.65 - - [03/Mar/2026:12:27:09 -0500] "GET /wp-content/plugins/off-canvas-sidebars/js/off-canvas-sidebars.js?ver=0.5.8.2 HTTP/1.1" 200 5058 "https://techinfrareviews.com/?shop%2FstoreSearch%2FCriteriaInput" "Mozilla/5.0 (Linux; Android 6.0.1; Nexus 5X Build/MMB29P) AppleWebKit/537.36 (KHTML, like Gecko) Chrome/144.0.7559.132 Mobile Safari/537.36 (compatible; Googlebot/2.1; +http://www.google.com/bot.html)"
66.249.73.65 - - [03/Mar/2026:12:27:09 -0500] "GET /wp-content/plugins/site-reviews/assets/scripts/site-reviews.js?ver=6.11.4 HTTP/1.1" 200 11017 "https://techinfrareviews.com/?shop%2FstoreSearch%2FCriteriaInput" "Mozilla/5.0 (Linux; Android 6.0.1; Nexus 5X Build/MMB29P) AppleWebKit/537.36 (KHTML, like Gecko) Chrome/144.0.7559.132 Mobile Safari/537.36 (compatible; Googlebot/2.1; +http://www.google.com/bot.html)"
66.249.73.65 - - [03/Mar/2026:12:27:09 -0500] "GET /wp-includes/js/jquery/ui/core.min.js?ver=1.13.3 HTTP/1.1" 200 6812 "https://techinfrareviews.com/?shop%2FstoreSearch%2FCriteriaInput" "Mozilla/5.0 (Linux; Android 6.0.1; Nexus 5X Build/MMB29P) AppleWebKit/537.36 (KHTML, like Gecko) Chrome/144.0.7559.132 Mobile Safari/537.36 (compatible; Googlebot/2.1; +http://www.google.com/bot.html)"
66.249.73.65 - - [03/Mar/2026:12:27:10 -0500] "GET /wp-content/themes/wishful-blog/js/js.cookie.min.js HTTP/1.1" 200 763 "https://techinfrareviews.com/?shop%2FstoreSearch%2FCriteriaInput" "Mozilla/5.0 (Linux; Android 6.0.1; Nexus 5X Build/MMB29P) AppleWebKit/537.36 (KHTML, like Gecko) Chrome/144.0.7559.132 Mobile Safari/537.36 (compatible; Googlebot/2.1; +http://www.google.com/bot.html)"
66.249.73.65 - - [03/Mar/2026:12:27:10 -0500] "GET /wp-content/plugins/site-reviews/assets/images/stars/default/star-half.svg HTTP/1.1" 200 388 "https://techinfrareviews.com/?shop%2FstoreSearch%2FCriteriaInput" "Mozilla/5.0 (Linux; Android 6.0.1; Nexus 5X Build/MMB29P) AppleWebKit/537.36 (KHTML, like Gecko) Chrome/144.0.7559.132 Mobile Safari/537.36 (compatible; Googlebot/2.1; +http://www.google.com/bot.html)"
66.249.73.65 - - [03/Mar/2026:12:27:10 -0500] "GET /wp-content/plugins/site-reviews/assets/images/stars/default/star-empty.svg HTTP/1.1" 200 438 "https://techinfrareviews.com/?shop%2FstoreSearch%2FCriteriaInput" "Mozilla/5.0 (Linux; Android 6.0.1; Nexus 5X Build/MMB29P) AppleWebKit/537.36 (KHTML, like Gecko) Chrome/144.0.7559.132 Mobile Safari/537.36 (compatible; Googlebot/2.1; +http://www.google.com/bot.html)"
77.75.77.54 - - [03/Mar/2026:12:28:13 -0500] "GET /robots.txt HTTP/1.1" 200 178 "-" "Mozilla/5.0 (compatible; SeznamBot/4.0; +https://o-seznam.cz/napoveda/vyhledavani/en/seznambot-crawler/)"
162.0.217.45 - - [03/Mar/2026:12:28:18 -0500] "POST /wp-cron.php?doing_wp_cron=1772558898.8741569519042968750000 HTTP/1.1" 200 0 "-" "WordPress/6.9; https://techinfrareviews.com"
77.75.77.54 - - [03/Mar/2026:12:28:18 -0500] "GET /wp-links-opml.php HTTP/1.1" 200 193 "-" "Mozilla/5.0 (compatible; SeznamBot/4.0; +https://o-seznam.cz/napoveda/vyhledavani/en/seznambot-crawler/)"
162.0.217.45 - - [03/Mar/2026:12:28:56 -0500] "POST /wp-cron.php?doing_wp_cron=1772558936.3446860313415527343750 HTTP/1.1" 200 0 "-" "WordPress/6.9; https://techinfrareviews.com"
170.106.192.3 - - [03/Mar/2026:12:28:55 -0500] "GET /category/best-time-tracking-apps/ HTTP/1.1" 200 23299 "-" "Mozilla/5.0 (iPhone; CPU iPhone OS 13_2_3 like Mac OS X) AppleWebKit/605.1.15 (KHTML, like Gecko) Version/13.0.3 Mobile/15E148 Safari/604.1"
162.0.217.45 - - [03/Mar/2026:12:31:10 -0500] "POST /wp-cron.php?doing_wp_cron=1772559070.8433060646057128906250 HTTP/1.1" 200 0 "-" "WordPress/6.9; https://techinfrareviews.com"
47.128.124.238 - - [03/Mar/2026:12:31:06 -0500] "GET /best-employee-monitoring-software-in-2024-for-remote-teams/ HTTP/1.1" 200 21857 "-" "Mozilla/5.0 (Linux; Android 5.0) AppleWebKit/537.36 (KHTML, like Gecko) Mobile Safari/537.36 (compatible; Bytespider; spider-feedback@bytedance.com)"
47.128.124.238 - - [03/Mar/2026:12:31:11 -0500] "GET /wp-content/plugins/easy-digital-downloads/includes/blocks/assets/css/edd-blocks.css?ver=3.2.9 HTTP/1.1" 200 294 "https://techinfrareviews.com/best-employee-monitoring-software-in-2024-for-remote-teams/" "Mozilla/5.0 (Linux; Android 5.0) AppleWebKit/537.36 (KHTML, like Gecko) Mobile Safari/537.36 (compatible; Bytespider; spider-feedback@bytedance.com)"
47.128.124.238 - - [03/Mar/2026:12:31:11 -0500] "GET /wp-includes/css/dist/block-library/style.min.css?ver=6.9 HTTP/1.1" 200 14921 "https://techinfrareviews.com/best-employee-monitoring-software-in-2024-for-remote-teams/" "Mozilla/5.0 (Linux; Android 5.0) AppleWebKit/537.36 (KHTML, like Gecko) Mobile Safari/537.36 (compatible; Bytespider; spider-feedback@bytedance.com)"
47.128.124.238 - - [03/Mar/2026:12:31:11 -0500] "GET /wp-content/themes/wishful-blog/style.css?ver=6.9 HTTP/1.1" 200 3944 "https://techinfrareviews.com/best-employee-monitoring-software-in-2024-for-remote-teams/" "Mozilla/5.0 (Linux; Android 5.0) AppleWebKit/537.36 (KHTML, like Gecko) Mobile Safari/537.36 (compatible; Bytespider; spider-feedback@bytedance.com)"
47.128.124.238 - - [03/Mar/2026:12:31:11 -0500] "GET /wp-content/plugins/post-category-image-with-grid-and-slider/assets/css/categoryimage-public.css?ver=1.4.3 HTTP/1.1" 200 1501 "https://techinfrareviews.com/best-employee-monitoring-software-in-2024-for-remote-teams/" "Mozilla/5.0 (Linux; Android 5.0) AppleWebKit/537.36 (KHTML, like Gecko) Mobile Safari/537.36 (compatible; Bytespider; spider-feedback@bytedance.com)"
47.128.124.238 - - [03/Mar/2026:12:31:11 -0500] "GET /wp-content/themes/wishful-blog/wishfulthemes/assets/css/custom.css?ver=6.9 HTTP/1.1" 200 123236 "https://techinfrareviews.com/best-employee-monitoring-software-in-2024-for-remote-teams/" "Mozilla/5.0 (Linux; Android 5.0) AppleWebKit/537.36 (KHTML, like Gecko) Mobile Safari/537.36 (compatible; Bytespider; spider-feedback@bytedance.com)"
47.128.124.238 - - [03/Mar/2026:12:31:11 -0500] "GET /wp-content/themes/wishful-blog/wishfulthemes/assets/slick/slick.css?ver=6.9 HTTP/1.1" 200 473 "https://techinfrareviews.com/best-employee-monitoring-software-in-2024-for-remote-teams/" "Mozilla/5.0 (Linux; Android 5.0) AppleWebKit/537.36 (KHTML, like Gecko) Mobile Safari/537.36 (compatible; Bytespider; spider-feedback@bytedance.com)"
47.128.124.238 - - [03/Mar/2026:12:31:11 -0500] "GET /wp-content/plugins/contact-form-7/includes/css/styles.css?ver=5.5.4 HTTP/1.1" 200 848 "https://techinfrareviews.com/best-employee-monitoring-software-in-2024-for-remote-teams/" "Mozilla/5.0 (Linux; Android 5.0) AppleWebKit/537.36 (KHTML, like Gecko) Mobile Safari/537.36 (compatible; Bytespider; spider-feedback@bytedance.com)"
47.128.124.238 - - [03/Mar/2026:12:31:11 -0500] "GET /wp-content/themes/wishful-blog/wishfulthemes/assets/slick/slick-theme.css?ver=6.9 HTTP/1.1" 200 729 "https://techinfrareviews.com/best-employee-monitoring-software-in-2024-for-remote-teams/" "Mozilla/5.0 (Linux; Android 5.0) AppleWebKit/537.36 (KHTML, like Gecko) Mobile Safari/537.36 (compatible; Bytespider; spider-feedback@bytedance.com)"
47.128.124.238 - - [03/Mar/2026:12:31:11 -0500] "GET /wp-content/plugins/latest-posts/assets/css/style.css?ver=1.4.4 HTTP/1.1" 200 212 "https://techinfrareviews.com/best-employee-monitoring-software-in-2024-for-remote-teams/" "Mozilla/5.0 (Linux; Android 5.0) AppleWebKit/537.36 (KHTML, like Gecko) Mobile Safari/537.36 (compatible; Bytespider; spider-feedback@bytedance.com)"
47.128.124.238 - - [03/Mar/2026:12:31:11 -0500] "GET /wp-content/plugins/off-canvas-sidebars/css/off-canvas-sidebars.css?ver=0.5.8.2 HTTP/1.1" 200 1114 "https://techinfrareviews.com/best-employee-monitoring-software-in-2024-for-remote-teams/" "Mozilla/5.0 (Linux; Android 5.0) AppleWebKit/537.36 (KHTML, like Gecko) Mobile Safari/537.36 (compatible; Bytespider; spider-feedback@bytedance.com)"
47.128.124.238 - - [03/Mar/2026:12:31:11 -0500] "GET /wp-content/plugins/newsletter/style.css?ver=9.1.0 HTTP/1.1" 200 1431 "https://techinfrareviews.com/best-employee-monitoring-software-in-2024-for-remote-teams/" "Mozilla/5.0 (Linux; Android 5.0) AppleWebKit/537.36 (KHTML, like Gecko) Mobile Safari/537.36 (compatible; Bytespider; spider-feedback@bytedance.com)"
47.128.124.238 - - [03/Mar/2026:12:31:11 -0500] "GET /wp-content/plugins/off-canvas-sidebars/slidebars/slidebars.css?ver=0.5.8.2 HTTP/1.1" 200 946 "https://techinfrareviews.com/best-employee-monitoring-software-in-2024-for-remote-teams/" "Mozilla/5.0 (Linux; Android 5.0) AppleWebKit/537.36 (KHTML, like Gecko) Mobile Safari/537.36 (compatible; Bytespider; spider-feedback@bytedance.com)"
47.128.124.238 - - [03/Mar/2026:12:31:11 -0500] "GET /wp-content/uploads/pum/pum-site-styles.css?generated=1711111681&ver=1.16.7 HTTP/1.1" 200 3674 "https://techinfrareviews.com/best-employee-monitoring-software-in-2024-for-remote-teams/" "Mozilla/5.0 (Linux; Android 5.0) AppleWebKit/537.36 (KHTML, like Gecko) Mobile Safari/537.36 (compatible; Bytespider; spider-feedback@bytedance.com)"
47.128.124.238 - - [03/Mar/2026:12:31:11 -0500] "GET /wp-content/uploads/2024/02/techinfralogo-1-768x119.png HTTP/1.1" 206 500 "https://techinfrareviews.com/best-employee-monitoring-software-in-2024-for-remote-teams/" "Mozilla/5.0 (Linux; Android 5.0) AppleWebKit/537.36 (KHTML, like Gecko) Mobile Safari/537.36 (compatible; Bytespider; spider-feedback@bytedance.com)"
47.128.124.238 - - [03/Mar/2026:12:31:11 -0500] "GET /wp-content/plugins/site-reviews/assets/styles/default.css?ver=6.11.4 HTTP/1.1" 200 4910 "https://techinfrareviews.com/best-employee-monitoring-software-in-2024-for-remote-teams/" "Mozilla/5.0 (Linux; Android 5.0) AppleWebKit/537.36 (KHTML, like Gecko) Mobile Safari/537.36 (compatible; Bytespider; spider-feedback@bytedance.com)"
47.128.124.238 - - [03/Mar/2026:12:31:12 -0500] "GET /wp-content/uploads/2022/05/Employee-Monitoring-Software-in-2022-768x576.jpg HTTP/1.1" 206 500 "https://techinfrareviews.com/best-employee-monitoring-software-in-2024-for-remote-teams/" "Mozilla/5.0 (Linux; Android 5.0) AppleWebKit/537.36 (KHTML, like Gecko) Mobile Safari/537.36 (compatible; Bytespider; spider-feedback@bytedance.com)"
47.128.124.238 - - [03/Mar/2026:12:31:12 -0500] "GET /wp-content/uploads/2022/04/digital-download-store-team-image-4.jpg HTTP/1.1" 206 500 "https://techinfrareviews.com/best-employee-monitoring-software-in-2024-for-remote-teams/" "Mozilla/5.0 (Linux; Android 5.0) AppleWebKit/537.36 (KHTML, like Gecko) Mobile Safari/537.36 (compatible; Bytespider; spider-feedback@bytedance.com)"
47.128.124.238 - - [03/Mar/2026:12:31:12 -0500] "GET /wp-content/uploads/2024/12/busy-paralysed-handicapped-team-leader-answering-phone-talking-with-partner-typing-computer-explaning-project-ideea-checking-financial-data-diverse-colleagues-working-start-up-office_482257-28180-390x298.jpg HTTP/1.1" 206 500 "https://techinfrareviews.com/best-employee-monitoring-software-in-2024-for-remote-teams/" "Mozilla/5.0 (Linux; Android 5.0) AppleWebKit/537.36 (KHTML, like Gecko) Mobile Safari/537.36 (compatible; Bytespider; spider-feedback@bytedance.com)"
47.128.124.238 - - [03/Mar/2026:12:31:12 -0500] "GET /wp-content/uploads/2024/07/progress-stock-figures-timeline-concept_53876-148029-390x298.jpg HTTP/1.1" 206 500 "https://techinfrareviews.com/best-employee-monitoring-software-in-2024-for-remote-teams/" "Mozilla/5.0 (Linux; Android 5.0) AppleWebKit/537.36 (KHTML, like Gecko) Mobile Safari/537.36 (compatible; Bytespider; spider-feedback@bytedance.com)"
47.128.124.238 - - [03/Mar/2026:12:31:12 -0500] "GET /wp-content/uploads/2024/12/girl-man-looking-notebook-s-screen_1301-717-390x298.jpg HTTP/1.1" 206 500 "https://techinfrareviews.com/best-employee-monitoring-software-in-2024-for-remote-teams/" "Mozilla/5.0 (Linux; Android 5.0) AppleWebKit/537.36 (KHTML, like Gecko) Mobile Safari/537.36 (compatible; Bytespider; spider-feedback@bytedance.com)"
47.128.124.238 - - [03/Mar/2026:12:31:12 -0500] "GET /wp-content/uploads/2024/12/young-fashion-smiling-hipster-man-city-cafe-lunch-time-with-notebook-suit_158538-8052-390x298.jpg HTTP/1.1" 206 500 "https://techinfrareviews.com/best-employee-monitoring-software-in-2024-for-remote-teams/" "Mozilla/5.0 (Linux; Android 5.0) AppleWebKit/537.36 (KHTML, like Gecko) Mobile Safari/537.36 (compatible; Bytespider; spider-feedback@bytedance.com)"
47.128.124.238 - - [03/Mar/2026:12:31:12 -0500] "GET /wp-content/uploads/2024/12/busy-paralysed-handicapped-team-leader-answering-phone-talking-with-partner-typing-computer-explaning-project-ideea-checking-financial-data-diverse-colleagues-working-start-up-office_482257-28180-64x64.jpg HTTP/1.1" 206 500 "https://techinfrareviews.com/best-employee-monitoring-software-in-2024-for-remote-teams/" "Mozilla/5.0 (Linux; Android 5.0) AppleWebKit/537.36 (KHTML, like Gecko) Mobile Safari/537.36 (compatible; Bytespider; spider-feedback@bytedance.com)"
47.128.124.238 - - [03/Mar/2026:12:31:12 -0500] "GET /wp-content/uploads/2024/07/progress-stock-figures-timeline-concept_53876-148029-64x64.jpg HTTP/1.1" 206 500 "https://techinfrareviews.com/best-employee-monitoring-software-in-2024-for-remote-teams/" "Mozilla/5.0 (Linux; Android 5.0) AppleWebKit/537.36 (KHTML, like Gecko) Mobile Safari/537.36 (compatible; Bytespider; spider-feedback@bytedance.com)"
47.128.124.238 - - [03/Mar/2026:12:31:12 -0500] "GET /wp-content/themes/wishful-blog/popup/pop_up1-2.jpg HTTP/1.1" 206 500 "https://techinfrareviews.com/best-employee-monitoring-software-in-2024-for-remote-teams/" "Mozilla/5.0 (Linux; Android 5.0) AppleWebKit/537.36 (KHTML, like Gecko) Mobile Safari/537.36 (compatible; Bytespider; spider-feedback@bytedance.com)"
47.128.124.238 - - [03/Mar/2026:12:31:12 -0500] "GET /wp-content/uploads/2024/12/young-fashion-smiling-hipster-man-city-cafe-lunch-time-with-notebook-suit_158538-8052-64x64.jpg HTTP/1.1" 206 500 "https://techinfrareviews.com/best-employee-monitoring-software-in-2024-for-remote-teams/" "Mozilla/5.0 (Linux; Android 5.0) AppleWebKit/537.36 (KHTML, like Gecko) Mobile Safari/537.36 (compatible; Bytespider; spider-feedback@bytedance.com)"
47.128.124.238 - - [03/Mar/2026:12:31:12 -0500] "GET /wp-content/uploads/2024/12/girl-man-looking-notebook-s-screen_1301-717-64x64.jpg HTTP/1.1" 206 500 "https://techinfrareviews.com/best-employee-monitoring-software-in-2024-for-remote-teams/" "Mozilla/5.0 (Linux; Android 5.0) AppleWebKit/537.36 (KHTML, like Gecko) Mobile Safari/537.36 (compatible; Bytespider; spider-feedback@bytedance.com)"
66.249.73.67 - - [03/Mar/2026:12:31:31 -0500] "GET /robots.txt HTTP/1.1" 200 178 "-" "Mozilla/5.0 (compatible; Googlebot/2.1; +http://www.google.com/bot.html)"
162.0.217.45 - - [03/Mar/2026:12:31:33 -0500] "POST /wp-cron.php?doing_wp_cron=1772559092.8798909187316894531250 HTTP/1.1" 200 0 "-" "WordPress/6.9; https://techinfrareviews.com"
66.249.73.67 - - [03/Mar/2026:12:31:32 -0500] "GET /?products/12101029/ HTTP/1.1" 301 0 "-" "Mozilla/5.0 (Linux; Android 6.0.1; Nexus 5X Build/MMB29P) AppleWebKit/537.36 (KHTML, like Gecko) Chrome/144.0.7559.132 Mobile Safari/537.36 (compatible; GoogleOther)"
209.141.44.114 - - [03/Mar/2026:12:31:35 -0500] "GET /wp-login.php HTTP/1.1" 200 7048 "-" "Mozilla/5.0 (Macintosh; Intel Mac OS X 10_9_3) AppleWebKit/537.36 (KHTML, like Gecko) Chrome/35.0.1916.153 Safari/537.36"
66.249.73.65 - - [03/Mar/2026:12:31:38 -0500] "GET /?products%2F12101029%2F HTTP/1.1" 200 21871 "-" "Mozilla/5.0 (Linux; Android 6.0.1; Nexus 5X Build/MMB29P) AppleWebKit/537.36 (KHTML, like Gecko) Chrome/144.0.7559.132 Mobile Safari/537.36 (compatible; GoogleOther)"
209.141.44.114 - - [03/Mar/2026:12:31:41 -0500] "POST /wp-login.php HTTP/1.1" 200 7528 "-" "Mozilla/5.0 (Macintosh; Intel Mac OS X 10_9_3) AppleWebKit/537.36 (KHTML, like Gecko) Chrome/35.0.1916.153 Safari/537.36"
66.249.73.67 - - [03/Mar/2026:12:31:46 -0500] "GET /wp-content/themes/wishful-blog/wishfulthemes/assets/slick/slick.css?ver=6.9 HTTP/1.1" 200 473 "https://techinfrareviews.com/?products%2F12101029%2F" "Mozilla/5.0 (Linux; Android 6.0.1; Nexus 5X Build/MMB29P) AppleWebKit/537.36 (KHTML, like Gecko) Chrome/144.0.7559.132 Mobile Safari/537.36 (compatible; GoogleOther)"
66.249.73.65 - - [03/Mar/2026:12:31:48 -0500] "GET /wp-content/themes/wishful-blog/wishfulthemes/assets/slick/slick-theme.css?ver=6.9 HTTP/1.1" 200 729 "https://techinfrareviews.com/?products%2F12101029%2F" "Mozilla/5.0 (Linux; Android 6.0.1; Nexus 5X Build/MMB29P) AppleWebKit/537.36 (KHTML, like Gecko) Chrome/144.0.7559.132 Mobile Safari/537.36 (compatible; GoogleOther)"
66.249.73.65 - - [03/Mar/2026:12:31:51 -0500] "GET /wp-content/themes/wishful-blog/wishfulthemes/assets/css/custom.css?ver=6.9 HTTP/1.1" 200 123236 "https://techinfrareviews.com/?products%2F12101029%2F" "Mozilla/5.0 (Linux; Android 6.0.1; Nexus 5X Build/MMB29P) AppleWebKit/537.36 (KHTML, like Gecko) Chrome/144.0.7559.132 Mobile Safari/537.36 (compatible; GoogleOther)"
66.249.73.65 - - [03/Mar/2026:12:31:54 -0500] "GET /wp-content/plugins/off-canvas-sidebars/slidebars/slidebars.css?ver=0.5.8.2 HTTP/1.1" 200 946 "https://techinfrareviews.com/?products%2F12101029%2F" "Mozilla/5.0 (Linux; Android 6.0.1; Nexus 5X Build/MMB29P) AppleWebKit/537.36 (KHTML, like Gecko) Chrome/144.0.7559.132 Mobile Safari/537.36 (compatible; GoogleOther)"
66.249.73.67 - - [03/Mar/2026:12:31:56 -0500] "GET /wp-content/plugins/easy-digital-downloads/includes/blocks/assets/css/edd-blocks.css?ver=3.2.9 HTTP/1.1" 200 294 "https://techinfrareviews.com/?products%2F12101029%2F" "Mozilla/5.0 (Linux; Android 6.0.1; Nexus 5X Build/MMB29P) AppleWebKit/537.36 (KHTML, like Gecko) Chrome/144.0.7559.132 Mobile Safari/537.36 (compatible; GoogleOther)"
66.249.73.67 - - [03/Mar/2026:12:31:59 -0500] "GET /wp-content/plugins/easy-digital-downloads/assets/js/edd-ajax.js?ver=3.2.9 HTTP/1.1" 200 3532 "https://techinfrareviews.com/?products%2F12101029%2F" "Mozilla/5.0 (Linux; Android 6.0.1; Nexus 5X Build/MMB29P) AppleWebKit/537.36 (KHTML, like Gecko) Chrome/144.0.7559.132 Mobile Safari/537.36 (compatible; GoogleOther)"
66.249.73.65 - - [03/Mar/2026:12:32:02 -0500] "GET /wp-content/themes/wishful-blog/js/navigation.js?ver=2.0.0 HTTP/1.1" 200 951 "https://techinfrareviews.com/?products%2F12101029%2F" "Mozilla/5.0 (Linux; Android 6.0.1; Nexus 5X Build/MMB29P) AppleWebKit/537.36 (KHTML, like Gecko) Chrome/144.0.7559.132 Mobile Safari/537.36 (compatible; GoogleOther)"
66.249.73.65 - - [03/Mar/2026:12:32:05 -0500] "GET /wp-content/themes/wishful-blog/wishfulthemes/assets/js/custom.js?ver=2.0.0 HTTP/1.1" 200 665 "https://techinfrareviews.com/?products%2F12101029%2F" "Mozilla/5.0 (Linux; Android 6.0.1; Nexus 5X Build/MMB29P) AppleWebKit/537.36 (KHTML, like Gecko) Chrome/144.0.7559.132 Mobile Safari/537.36 (compatible; GoogleOther)"
66.249.73.66 - - [03/Mar/2026:12:32:07 -0500] "GET /wp-content/themes/wishful-blog/js/js.cookie.min.js HTTP/1.1" 200 763 "https://techinfrareviews.com/?products%2F12101029%2F" "Mozilla/5.0 (Linux; Android 6.0.1; Nexus 5X Build/MMB29P) AppleWebKit/537.36 (KHTML, like Gecko) Chrome/144.0.7559.132 Mobile Safari/537.36 (compatible; GoogleOther)"
66.249.73.66 - - [03/Mar/2026:12:32:09 -0500] "GET /wp-content/themes/wishful-blog/wishfulthemes/assets/js/functions.js?ver=2.0.0 HTTP/1.1" 200 2055 "https://techinfrareviews.com/?products%2F12101029%2F" "Mozilla/5.0 (Linux; Android 6.0.1; Nexus 5X Build/MMB29P) AppleWebKit/537.36 (KHTML, like Gecko) Chrome/144.0.7559.132 Mobile Safari/537.36 (compatible; GoogleOther)"
66.249.73.66 - - [03/Mar/2026:12:32:10 -0500] "GET /wp-content/plugins/site-reviews/assets/images/stars/default/star-empty.svg HTTP/1.1" 200 438 "https://techinfrareviews.com/?products%2F12101029%2F" "Mozilla/5.0 (Linux; Android 6.0.1; Nexus 5X Build/MMB29P) AppleWebKit/537.36 (KHTML, like Gecko) Chrome/144.0.7559.132 Mobile Safari/537.36 (compatible; GoogleOther)"
66.249.73.65 - - [03/Mar/2026:12:32:12 -0500] "GET /wp-content/plugins/site-reviews/assets/images/stars/default/star-full.svg HTTP/1.1" 200 286 "https://techinfrareviews.com/?products%2F12101029%2F" "Mozilla/5.0 (Linux; Android 6.0.1; Nexus 5X Build/MMB29P) AppleWebKit/537.36 (KHTML, like Gecko) Chrome/144.0.7559.132 Mobile Safari/537.36 (compatible; GoogleOther)"
66.249.73.65 - - [03/Mar/2026:12:32:14 -0500] "GET /wp-content/plugins/site-reviews/assets/images/stars/default/star-half.svg HTTP/1.1" 200 388 "https://techinfrareviews.com/?products%2F12101029%2F" "Mozilla/5.0 (Linux; Android 6.0.1; Nexus 5X Build/MMB29P) AppleWebKit/537.36 (KHTML, like Gecko) Chrome/144.0.7559.132 Mobile Safari/537.36 (compatible; GoogleOther)"
162.0.217.45 - - [03/Mar/2026:12:33:33 -0500] "POST /wp-cron.php?doing_wp_cron=1772559213.2926011085510253906250 HTTP/1.1" 200 0 "-" "WordPress/6.9; https://techinfrareviews.com"
209.141.47.105 - - [03/Mar/2026:12:33:29 -0500] "GET /wp-login.php HTTP/1.1" 200 7048 "-" "Mozilla/5.0 (Macintosh; Intel Mac OS X 10_9_2) AppleWebKit/537.36 (KHTML, like Gecko) Chrome/35.0.1916.153 Safari/537.36"
209.141.47.105 - - [03/Mar/2026:12:33:33 -0500] "POST /wp-login.php HTTP/1.1" 200 7517 "-" "Mozilla/5.0 (Macintosh; Intel Mac OS X 10_9_2) AppleWebKit/537.36 (KHTML, like Gecko) Chrome/35.0.1916.153 Safari/537.36"
216.73.216.121 - - [03/Mar/2026:12:35:48 -0500] "GET /robots.txt HTTP/1.1" 200 178 "-" "Mozilla/5.0 AppleWebKit/537.36 (KHTML, like Gecko; compatible; ClaudeBot/1.0; +claudebot@anthropic.com)"
162.0.217.45 - - [03/Mar/2026:12:35:52 -0500] "POST /wp-cron.php?doing_wp_cron=1772559352.1652810573577880859375 HTTP/1.1" 200 0 "-" "WordPress/6.9; https://techinfrareviews.com"
216.73.216.121 - - [03/Mar/2026:12:35:48 -0500] "GET /sitemap_index.xml HTTP/1.1" 200 360 "-" "Mozilla/5.0 AppleWebKit/537.36 (KHTML, like Gecko; compatible; ClaudeBot/1.0; +claudebot@anthropic.com)"
162.0.217.45 - - [03/Mar/2026:12:39:14 -0500] "POST /wp-cron.php?doing_wp_cron=1772559554.7621300220489501953125 HTTP/1.1" 200 0 "-" "WordPress/6.9; https://techinfrareviews.com"
150.109.230.210 - - [03/Mar/2026:12:39:11 -0500] "GET /how-employee-monitoring-software-can-help-prevent-time-theft/ HTTP/1.1" 200 27018 "-" "Mozilla/5.0 (iPhone; CPU iPhone OS 13_2_3 like Mac OS X) AppleWebKit/605.1.15 (KHTML, like Gecko) Version/13.0.3 Mobile/15E148 Safari/604.1"
162.0.217.45 - - [03/Mar/2026:12:40:47 -0500] "POST /wp-cron.php?doing_wp_cron=1772559647.6505179405212402343750 HTTP/1.1" 200 0 "-" "WordPress/6.9; https://techinfrareviews.com"
186.188.91.171 - - [03/Mar/2026:12:40:43 -0500] "GET /2024/02/13/ HTTP/1.1" 200 21793 "-" "Mozilla/5.0 (Windows; U; Windows NT 6.1; en-US) AppleWebKit/534.3 (KHTML, like Gecko) Chrome/6.0.461.0 Safari/534.3"
162.0.217.45 - - [03/Mar/2026:12:42:44 -0500] "POST /wp-cron.php?doing_wp_cron=1772559764.4838280677795410156250 HTTP/1.1" 200 0 "-" "WordPress/6.9; https://techinfrareviews.com"
209.141.54.4 - - [03/Mar/2026:12:42:41 -0500] "GET /wp-login.php HTTP/1.1" 200 7048 "-" "Mozilla/5.0 (Windows NT 6.3; WOW64; rv:30.0) Gecko/20100101 Firefox/30.0"
209.141.54.4 - - [03/Mar/2026:12:42:44 -0500] "POST /wp-login.php HTTP/1.1" 200 7496 "-" "Mozilla/5.0 (Windows NT 6.3; WOW64; rv:30.0) Gecko/20100101 Firefox/30.0"
172.71.172.28 - - [03/Mar/2026:12:46:04 -0500] "GET /.git/config HTTP/1.1" 403 1242 "-" "Mozilla/5.0 (Windows NT 10.0; Win64; x64) AppleWebKit/537.36 Chrome/127.0 Safari/537.36"
162.0.217.45 - - [03/Mar/2026:12:46:35 -0500] "POST /wp-cron.php?doing_wp_cron=1772559995.0388870239257812500000 HTTP/1.1" 200 0 "-" "WordPress/6.9; https://techinfrareviews.com"
66.249.73.66 - - [03/Mar/2026:12:46:31 -0500] "GET /?products/6646418/ HTTP/1.1" 301 0 "-" "Mozilla/5.0 (Linux; Android 6.0.1; Nexus 5X Build/MMB29P) AppleWebKit/537.36 (KHTML, like Gecko) Chrome/144.0.7559.132 Mobile Safari/537.36 (compatible; GoogleOther)"
66.249.73.65 - - [03/Mar/2026:12:46:41 -0500] "GET /?products%2F6646418%2F HTTP/1.1" 200 21865 "-" "Mozilla/5.0 (Linux; Android 6.0.1; Nexus 5X Build/MMB29P) AppleWebKit/537.36 (KHTML, like Gecko) Chrome/144.0.7559.132 Mobile Safari/537.36 (compatible; GoogleOther)"
66.249.73.65 - - [03/Mar/2026:12:46:46 -0500] "GET /wp-content/uploads/pum/pum-site-styles.css?generated=1711111681&ver=1.16.7 HTTP/1.1" 200 3674 "https://techinfrareviews.com/?products%2F6646418%2F" "Mozilla/5.0 (Linux; Android 6.0.1; Nexus 5X Build/MMB29P) AppleWebKit/537.36 (KHTML, like Gecko) Chrome/144.0.7559.132 Mobile Safari/537.36 (compatible; GoogleOther)"
66.249.73.65 - - [03/Mar/2026:12:46:47 -0500] "GET /wp-content/plugins/off-canvas-sidebars/css/off-canvas-sidebars.css?ver=0.5.8.2 HTTP/1.1" 200 1114 "https://techinfrareviews.com/?products%2F6646418%2F" "Mozilla/5.0 (Linux; Android 6.0.1; Nexus 5X Build/MMB29P) AppleWebKit/537.36 (KHTML, like Gecko) Chrome/144.0.7559.132 Mobile Safari/537.36 (compatible; GoogleOther)"
66.249.73.65 - - [03/Mar/2026:12:46:48 -0500] "GET /wp-includes/css/dist/block-library/style.min.css?ver=6.9 HTTP/1.1" 200 14921 "https://techinfrareviews.com/?products%2F6646418%2F" "Mozilla/5.0 (Linux; Android 6.0.1; Nexus 5X Build/MMB29P) AppleWebKit/537.36 (KHTML, like Gecko) Chrome/144.0.7559.132 Mobile Safari/537.36 (compatible; GoogleOther)"
66.249.73.65 - - [03/Mar/2026:12:46:50 -0500] "GET /wp-content/themes/wishful-blog/wishfulthemes/assets/css/custom.css?ver=6.9 HTTP/1.1" 200 123236 "https://techinfrareviews.com/?products%2F6646418%2F" "Mozilla/5.0 (Linux; Android 6.0.1; Nexus 5X Build/MMB29P) AppleWebKit/537.36 (KHTML, like Gecko) Chrome/144.0.7559.132 Mobile Safari/537.36 (compatible; GoogleOther)"
66.249.73.65 - - [03/Mar/2026:12:46:51 -0500] "GET /wp-content/plugins/site-reviews/assets/styles/default.css?ver=6.11.4 HTTP/1.1" 200 4910 "https://techinfrareviews.com/?products%2F6646418%2F" "Mozilla/5.0 (Linux; Android 6.0.1; Nexus 5X Build/MMB29P) AppleWebKit/537.36 (KHTML, like Gecko) Chrome/144.0.7559.132 Mobile Safari/537.36 (compatible; GoogleOther)"
66.249.73.65 - - [03/Mar/2026:12:46:52 -0500] "GET /wp-content/themes/wishful-blog/wishfulthemes/assets/js/popper.min.js?ver=2.0.0 HTTP/1.1" 200 6545 "https://techinfrareviews.com/?products%2F6646418%2F" "Mozilla/5.0 (Linux; Android 6.0.1; Nexus 5X Build/MMB29P) AppleWebKit/537.36 (KHTML, like Gecko) Chrome/144.0.7559.132 Mobile Safari/537.36 (compatible; GoogleOther)"
66.249.73.65 - - [03/Mar/2026:12:46:53 -0500] "GET /wp-content/themes/wishful-blog/wishfulthemes/assets/js/custom.js?ver=2.0.0 HTTP/1.1" 200 665 "https://techinfrareviews.com/?products%2F6646418%2F" "Mozilla/5.0 (Linux; Android 6.0.1; Nexus 5X Build/MMB29P) AppleWebKit/537.36 (KHTML, like Gecko) Chrome/144.0.7559.132 Mobile Safari/537.36 (compatible; GoogleOther)"
66.249.73.65 - - [03/Mar/2026:12:46:54 -0500] "GET /wp-includes/js/jquery/jquery-migrate.min.js?ver=3.4.1 HTTP/1.1" 200 4678 "https://techinfrareviews.com/?products%2F6646418%2F" "Mozilla/5.0 (Linux; Android 6.0.1; Nexus 5X Build/MMB29P) AppleWebKit/537.36 (KHTML, like Gecko) Chrome/144.0.7559.132 Mobile Safari/537.36 (compatible; GoogleOther)"
66.249.73.65 - - [03/Mar/2026:12:46:56 -0500] "GET /wp-content/plugins/latest-posts/assets/css/style.css?ver=1.4.4 HTTP/1.1" 200 212 "https://techinfrareviews.com/?products%2F6646418%2F" "Mozilla/5.0 (Linux; Android 6.0.1; Nexus 5X Build/MMB29P) AppleWebKit/537.36 (KHTML, like Gecko) Chrome/144.0.7559.132 Mobile Safari/537.36 (compatible; GoogleOther)"
66.249.73.65 - - [03/Mar/2026:12:46:57 -0500] "GET /wp-content/plugins/newsletter/style.css?ver=9.1.0 HTTP/1.1" 200 1431 "https://techinfrareviews.com/?products%2F6646418%2F" "Mozilla/5.0 (Linux; Android 6.0.1; Nexus 5X Build/MMB29P) AppleWebKit/537.36 (KHTML, like Gecko) Chrome/144.0.7559.132 Mobile Safari/537.36 (compatible; GoogleOther)"
66.249.73.65 - - [03/Mar/2026:12:46:58 -0500] "GET /wp-content/themes/wishful-blog/wishfulthemes/assets/slick/slick.min.js?ver=2.0.0 HTTP/1.1" 200 10104 "https://techinfrareviews.com/?products%2F6646418%2F" "Mozilla/5.0 (Linux; Android 6.0.1; Nexus 5X Build/MMB29P) AppleWebKit/537.36 (KHTML, like Gecko) Chrome/144.0.7559.132 Mobile Safari/537.36 (compatible; GoogleOther)"
66.249.73.65 - - [03/Mar/2026:12:46:59 -0500] "GET /wp-content/themes/wishful-blog/js/skip-link-focus-fix.js?ver=2.0.0 HTTP/1.1" 200 332 "https://techinfrareviews.com/?products%2F6646418%2F" "Mozilla/5.0 (Linux; Android 6.0.1; Nexus 5X Build/MMB29P) AppleWebKit/537.36 (KHTML, like Gecko) Chrome/144.0.7559.132 Mobile Safari/537.36 (compatible; GoogleOther)"
66.249.73.67 - - [03/Mar/2026:12:47:01 -0500] "GET /wp-content/plugins/off-canvas-sidebars/slidebars/slidebars.js?ver=0.5.8.2 HTTP/1.1" 200 3309 "https://techinfrareviews.com/?products%2F6646418%2F" "Mozilla/5.0 (Linux; Android 6.0.1; Nexus 5X Build/MMB29P) AppleWebKit/537.36 (KHTML, like Gecko) Chrome/144.0.7559.132 Mobile Safari/537.36 (compatible; GoogleOther)"
66.249.73.67 - - [03/Mar/2026:12:47:02 -0500] "GET /wp-content/themes/wishful-blog/js/js.cookie.min.js HTTP/1.1" 200 763 "https://techinfrareviews.com/?products%2F6646418%2F" "Mozilla/5.0 (Linux; Android 6.0.1; Nexus 5X Build/MMB29P) AppleWebKit/537.36 (KHTML, like Gecko) Chrome/144.0.7559.132 Mobile Safari/537.36 (compatible; GoogleOther)"
66.249.73.67 - - [03/Mar/2026:12:47:03 -0500] "GET /wp-content/plugins/post-category-image-with-grid-and-slider/assets/js/pciwgas-public.js?ver=1.4.3 HTTP/1.1" 200 1212 "https://techinfrareviews.com/?products%2F6646418%2F" "Mozilla/5.0 (Linux; Android 6.0.1; Nexus 5X Build/MMB29P) AppleWebKit/537.36 (KHTML, like Gecko) Chrome/144.0.7559.132 Mobile Safari/537.36 (compatible; GoogleOther)"
66.249.73.66 - - [03/Mar/2026:12:47:04 -0500] "GET /wp-content/plugins/site-reviews/assets/scripts/site-reviews.js?ver=6.11.4 HTTP/1.1" 200 11017 "https://techinfrareviews.com/?products%2F6646418%2F" "Mozilla/5.0 (Linux; Android 6.0.1; Nexus 5X Build/MMB29P) AppleWebKit/537.36 (KHTML, like Gecko) Chrome/144.0.7559.132 Mobile Safari/537.36 (compatible; GoogleOther)"
162.0.217.45 - - [03/Mar/2026:12:49:07 -0500] "POST /wp-cron.php?doing_wp_cron=1772560147.6629951000213623046875 HTTP/1.1" 200 0 "-" "WordPress/6.9; https://techinfrareviews.com"
43.165.67.57 - - [03/Mar/2026:12:49:04 -0500] "GET /how-employee-monitoring-software-can-help-remote-teams-stay-on-track/ HTTP/1.1" 200 26781 "-" "Mozilla/5.0 (iPhone; CPU iPhone OS 13_2_3 like Mac OS X) AppleWebKit/605.1.15 (KHTML, like Gecko) Version/13.0.3 Mobile/15E148 Safari/604.1"
162.0.217.45 - - [03/Mar/2026:12:51:36 -0500] "POST /wp-cron.php?doing_wp_cron=1772560296.0421390533447265625000 HTTP/1.1" 200 0 "-" "WordPress/6.9; https://techinfrareviews.com"
66.249.73.67 - - [03/Mar/2026:12:51:31 -0500] "GET /?information/privacy_policy.html HTTP/1.1" 301 0 "-" "Mozilla/5.0 (Linux; Android 6.0.1; Nexus 5X Build/MMB29P) AppleWebKit/537.36 (KHTML, like Gecko) Chrome/144.0.7559.132 Mobile Safari/537.36 (compatible; GoogleOther)"
66.249.73.66 - - [03/Mar/2026:12:51:43 -0500] "GET /?information%2Fprivacy_policy_html HTTP/1.1" 200 21870 "-" "Mozilla/5.0 (Linux; Android 6.0.1; Nexus 5X Build/MMB29P) AppleWebKit/537.36 (KHTML, like Gecko) Chrome/144.0.7559.132 Mobile Safari/537.36 (compatible; GoogleOther)"
66.249.73.65 - - [03/Mar/2026:12:51:49 -0500] "GET /wp-content/plugins/easy-digital-downloads/includes/blocks/assets/css/edd-blocks.css?ver=3.2.9 HTTP/1.1" 200 294 "https://techinfrareviews.com/?information%2Fprivacy_policy_html" "Mozilla/5.0 (Linux; Android 6.0.1; Nexus 5X Build/MMB29P) AppleWebKit/537.36 (KHTML, like Gecko) Chrome/144.0.7559.132 Mobile Safari/537.36 (compatible; GoogleOther)"
66.249.73.65 - - [03/Mar/2026:12:51:50 -0500] "GET /wp-includes/css/dist/block-library/style.min.css?ver=6.9 HTTP/1.1" 200 14921 "https://techinfrareviews.com/?information%2Fprivacy_policy_html" "Mozilla/5.0 (Linux; Android 6.0.1; Nexus 5X Build/MMB29P) AppleWebKit/537.36 (KHTML, like Gecko) Chrome/144.0.7559.132 Mobile Safari/537.36 (compatible; GoogleOther)"
66.249.73.65 - - [03/Mar/2026:12:51:51 -0500] "GET /wp-content/themes/wishful-blog/style.css?ver=6.9 HTTP/1.1" 200 3944 "https://techinfrareviews.com/?information%2Fprivacy_policy_html" "Mozilla/5.0 (Linux; Android 6.0.1; Nexus 5X Build/MMB29P) AppleWebKit/537.36 (KHTML, like Gecko) Chrome/144.0.7559.132 Mobile Safari/537.36 (compatible; GoogleOther)"
66.249.73.65 - - [03/Mar/2026:12:51:52 -0500] "GET /wp-includes/js/jquery/jquery.min.js?ver=3.7.1 HTTP/1.1" 200 29744 "https://techinfrareviews.com/?information%2Fprivacy_policy_html" "Mozilla/5.0 (Linux; Android 6.0.1; Nexus 5X Build/MMB29P) AppleWebKit/537.36 (KHTML, like Gecko) Chrome/144.0.7559.132 Mobile Safari/537.36 (compatible; GoogleOther)"
66.249.73.65 - - [03/Mar/2026:12:51:53 -0500] "GET /wp-content/themes/wishful-blog/wishfulthemes/assets/slick/slick-theme.css?ver=6.9 HTTP/1.1" 200 729 "https://techinfrareviews.com/?information%2Fprivacy_policy_html" "Mozilla/5.0 (Linux; Android 6.0.1; Nexus 5X Build/MMB29P) AppleWebKit/537.36 (KHTML, like Gecko) Chrome/144.0.7559.132 Mobile Safari/537.36 (compatible; GoogleOther)"
66.249.73.65 - - [03/Mar/2026:12:51:55 -0500] "GET /wp-content/themes/wishful-blog/wishfulthemes/assets/css/custom.css?ver=6.9 HTTP/1.1" 200 123236 "https://techinfrareviews.com/?information%2Fprivacy_policy_html" "Mozilla/5.0 (Linux; Android 6.0.1; Nexus 5X Build/MMB29P) AppleWebKit/537.36 (KHTML, like Gecko) Chrome/144.0.7559.132 Mobile Safari/537.36 (compatible; GoogleOther)"
66.249.73.65 - - [03/Mar/2026:12:51:56 -0500] "GET /wp-content/plugins/latest-posts/assets/css/style.css?ver=1.4.4 HTTP/1.1" 200 212 "https://techinfrareviews.com/?information%2Fprivacy_policy_html" "Mozilla/5.0 (Linux; Android 6.0.1; Nexus 5X Build/MMB29P) AppleWebKit/537.36 (KHTML, like Gecko) Chrome/144.0.7559.132 Mobile Safari/537.36 (compatible; GoogleOther)"
66.249.73.65 - - [03/Mar/2026:12:51:57 -0500] "GET /wp-content/plugins/site-reviews/assets/styles/default.css?ver=6.11.4 HTTP/1.1" 200 4910 "https://techinfrareviews.com/?information%2Fprivacy_policy_html" "Mozilla/5.0 (Linux; Android 6.0.1; Nexus 5X Build/MMB29P) AppleWebKit/537.36 (KHTML, like Gecko) Chrome/144.0.7559.132 Mobile Safari/537.36 (compatible; GoogleOther)"
66.249.73.65 - - [03/Mar/2026:12:51:58 -0500] "GET /wp-content/themes/wishful-blog/wishfulthemes/assets/slick/slick.css?ver=6.9 HTTP/1.1" 200 473 "https://techinfrareviews.com/?information%2Fprivacy_policy_html" "Mozilla/5.0 (Linux; Android 6.0.1; Nexus 5X Build/MMB29P) AppleWebKit/537.36 (KHTML, like Gecko) Chrome/144.0.7559.132 Mobile Safari/537.36 (compatible; GoogleOther)"
66.249.73.65 - - [03/Mar/2026:12:51:59 -0500] "GET /wp-content/plugins/contact-form-7/includes/js/index.js?ver=5.5.4 HTTP/1.1" 200 3050 "https://techinfrareviews.com/?information%2Fprivacy_policy_html" "Mozilla/5.0 (Linux; Android 6.0.1; Nexus 5X Build/MMB29P) AppleWebKit/537.36 (KHTML, like Gecko) Chrome/144.0.7559.132 Mobile Safari/537.36 (compatible; GoogleOther)"
66.249.73.65 - - [03/Mar/2026:12:52:01 -0500] "GET /wp-content/plugins/easy-digital-downloads/assets/js/edd-ajax.js?ver=3.2.9 HTTP/1.1" 200 3532 "https://techinfrareviews.com/?information%2Fprivacy_policy_html" "Mozilla/5.0 (Linux; Android 6.0.1; Nexus 5X Build/MMB29P) AppleWebKit/537.36 (KHTML, like Gecko) Chrome/144.0.7559.132 Mobile Safari/537.36 (compatible; GoogleOther)"
66.249.73.65 - - [03/Mar/2026:12:52:02 -0500] "GET /wp-content/themes/wishful-blog/js/navigation.js?ver=2.0.0 HTTP/1.1" 200 951 "https://techinfrareviews.com/?information%2Fprivacy_policy_html" "Mozilla/5.0 (Linux; Android 6.0.1; Nexus 5X Build/MMB29P) AppleWebKit/537.36 (KHTML, like Gecko) Chrome/144.0.7559.132 Mobile Safari/537.36 (compatible; GoogleOther)"
66.249.73.65 - - [03/Mar/2026:12:52:03 -0500] "GET /wp-content/plugins/newsletter/main.js?ver=9.1.0 HTTP/1.1" 200 319 "https://techinfrareviews.com/?information%2Fprivacy_policy_html" "Mozilla/5.0 (Linux; Android 6.0.1; Nexus 5X Build/MMB29P) AppleWebKit/537.36 (KHTML, like Gecko) Chrome/144.0.7559.132 Mobile Safari/537.36 (compatible; GoogleOther)"
